{"id":3723,"date":"2026-03-12T09:53:03","date_gmt":"2026-03-12T08:53:03","guid":{"rendered":"https:\/\/cevennesbienetre.fr\/?post_type=product&#038;p=3723"},"modified":"2026-03-16T21:23:13","modified_gmt":"2026-03-16T20:23:13","slug":"carte-cadeau-massage-sportif","status":"publish","type":"product","link":"https:\/\/cevennesbienetre.fr\/index.php\/produit\/carte-cadeau-massage-sportif\/","title":{"rendered":"Carte cadeau Massage sportif"},"content":{"rendered":"<p style=\"text-align: left;\">Massage sportif inspir\u00e9 du massage su\u00e9dois et deep tissue : r\u00e9cup\u00e9ration musculaire, pr\u00e9vention des blessures, r\u00e9duction des courbatures et am\u00e9lioration de la circulation.<\/p>\n","protected":false},"excerpt":{"rendered":"<section class=\"elementor-section elementor-top-section elementor-element elementor-element-40bc245 elementor-section-boxed elementor-section-height-default elementor-section-height-default\" data-id=\"40bc245\" data-element_type=\"section\" data-e-type=\"section\">\n<div class=\"elementor-container elementor-column-gap-default\">\n<div class=\"elementor-column elementor-col-100 elementor-top-column elementor-element elementor-element-1d8f49e2\" data-id=\"1d8f49e2\" data-element_type=\"column\" data-e-type=\"column\">\n<div class=\"elementor-widget-wrap elementor-element-populated\">\n<section class=\"elementor-section elementor-inner-section elementor-element elementor-element-a0f2345 elementor-section-boxed elementor-section-height-default elementor-section-height-default\" data-id=\"a0f2345\" data-element_type=\"section\" data-e-type=\"section\">\n<div class=\"elementor-container elementor-column-gap-default\">\n<div class=\"elementor-column elementor-col-50 elementor-inner-column elementor-element elementor-element-5566c9a\" data-id=\"5566c9a\" data-element_type=\"column\" data-e-type=\"column\">\n<div class=\"elementor-widget-wrap elementor-element-populated\">\n<div class=\"elementor-element elementor-element-68e895a7 elementor-widget elementor-widget-text-editor\" data-id=\"68e895a7\" data-element_type=\"widget\" data-e-type=\"widget\" data-widget_type=\"text-editor.default\">\n<div class=\"elementor-widget-container\">\n<h4 style=\"text-align: left;\">Le massage sportif que je propose intervient avant ou apr\u00e8s une s\u00e9ance de sport mais \u00e9galement dans le cadre du bien-\u00eatre pour la relaxation et la d\u00e9tente.<\/h4>\n<h4 style=\"text-align: left;\">Je vais emprunter une technique de massage su\u00e9dois\u00a0 \u00e9labor\u00e9e par le docteur su\u00e9dois Per Henrik Ling il y a 2 si\u00e8cles afin d\u2019optimiser les performances des athl\u00e8tes.<\/h4>\n<h4 style=\"text-align: left;\">Je vais travailler \u00e9galement avec des frictions, p\u00e9trissages, percussions et \u00e9tirements.<\/h4>\n<h4 style=\"text-align: left;\">Ce massage dynamique est adapt\u00e9 aux sportifs dont les muscles sont souvent sollicit\u00e9s ainsi qu\u2019aux personnes dont l\u2019activit\u00e9 physique est insuffisante et aimant la profondeur.<\/h4>\n<h4 style=\"text-align: left;\">Il va ainsi stimuler les muscles afin de les rendre plus r\u00e9actifs (pour un d\u00e9but de s\u00e9ance sportive par exemple) et va ainsi limiter les blessures et les claquages.<\/h4>\n<h4 style=\"text-align: left;\">Il va \u00e9galement r\u00e9duire les courbatures, soulager les crampes et r\u00e9duire la sensation de fatigue (en fin de s\u00e9ance sportive par exemple).<\/h4>\n<h4 style=\"text-align: left;\">L\u2019organisme va retrouver plus rapidement son potentiel gr\u00e2ce \u00e0 une meilleure circulation et oxyg\u00e9nation.<\/h4>\n<\/div>\n<\/div>\n<\/div>\n<\/div>\n<\/div>\n<\/section>\n<section class=\"elementor-section elementor-inner-section elementor-element elementor-element-19c8205 elementor-section-boxed elementor-section-height-default elementor-section-height-default\" data-id=\"19c8205\" data-element_type=\"section\" data-e-type=\"section\">\n<div class=\"elementor-container elementor-column-gap-default\">\n<div class=\"elementor-column elementor-col-50 elementor-inner-column elementor-element elementor-element-76ef660\" data-id=\"76ef660\" data-element_type=\"column\" data-e-type=\"column\">\n<div class=\"elementor-widget-wrap elementor-element-populated\">\n<div class=\"elementor-element elementor-element-285899c elementor-widget elementor-widget-image\" data-id=\"285899c\" data-element_type=\"widget\" data-e-type=\"widget\" data-widget_type=\"image.default\">\n<div class=\"elementor-widget-container\" style=\"text-align: left;\"><\/div>\n<\/div>\n<\/div>\n<\/div>\n<div class=\"elementor-column elementor-col-50 elementor-inner-column elementor-element elementor-element-6af9760\" data-id=\"6af9760\" data-element_type=\"column\" data-e-type=\"column\">\n<div class=\"elementor-widget-wrap elementor-element-populated\">\n<div class=\"elementor-element elementor-element-a826e22 elementor-widget elementor-widget-text-editor\" data-id=\"a826e22\" data-element_type=\"widget\" data-e-type=\"widget\" data-widget_type=\"text-editor.default\">\n<div class=\"elementor-widget-container\">\n<h4 style=\"text-align: left;\">\u00a0\u00bb Le sportif \u00a0\u00bb va \u00e9galement emprunter une technique de deep tissue.<\/h4>\n<h4 style=\"text-align: left;\">Traduit litt\u00e9ralement par\u00a0<strong>\u00ab\u00a0massage des tissus profonds\u00a0\u00bb<\/strong>, le deep tissue est une technique myofasciale fortement d\u00e9velopp\u00e9 aux Etats-Unis et au Canada.<\/h4>\n<h4 style=\"text-align: left;\">Il traite tous les muscles et les fascias ( tissu conjonctif membraneux et tendineux).<\/h4>\n<h4 style=\"text-align: left;\">A force d\u2019\u00eatre contract\u00e9s, les fibres musculaires vont se gripper ; les man\u0153uvres \u00e0 la fois au niveau des insertions et des origines des muscles mais \u00e9galement sur les tissus vont aider \u00e0 les assouplir et aider \u00e0 retrouver toute leur mobilit\u00e9.<\/h4>\n<h4 style=\"text-align: left;\">Cette technique va contribuer \u00e0 retrouver la souplesse et mobilit\u00e9 naturelle du muscle.<\/h4>\n<h4 style=\"text-align: left;\">Aussi si des douleurs sont per\u00e7ues sur un muscle en particulier, peut-\u00eatre faut-il \u00e9galement travailler un groupe de muscles li\u00e9s les uns aux autres ou sur des points dits trigger ou knap.<\/h4>\n<h4 style=\"text-align: left;\">Lors de votre s\u00e9ance, nous d\u00e9finirons ensemble les muscles ou groupe de muscles \u00e0 traiter.<\/h4>\n<\/div>\n<\/div>\n<\/div>\n<\/div>\n<\/div>\n<\/section>\n<\/div>\n<\/div>\n<\/div>\n<\/section>\n<section class=\"elementor-section elementor-top-section elementor-element elementor-element-61cc0f4 elementor-section-boxed elementor-section-height-default elementor-section-height-default\" data-id=\"61cc0f4\" data-element_type=\"section\" data-e-type=\"section\">\n<div class=\"elementor-container elementor-column-gap-default\">\n<div class=\"elementor-column elementor-col-100 elementor-top-column elementor-element elementor-element-61d4a0d\" data-id=\"61d4a0d\" data-element_type=\"column\" data-e-type=\"column\">\n<div class=\"elementor-widget-wrap elementor-element-populated\">\n<section class=\"elementor-section elementor-inner-section elementor-element elementor-element-c4f5dae elementor-section-boxed elementor-section-height-default elementor-section-height-default\" data-id=\"c4f5dae\" data-element_type=\"section\" data-e-type=\"section\">\n<div class=\"elementor-container elementor-column-gap-default\">\n<div class=\"elementor-column elementor-col-50 elementor-inner-column elementor-element elementor-element-4657d42\" style=\"text-align: left;\" data-id=\"4657d42\" data-element_type=\"column\" data-e-type=\"column\">\n<div class=\"elementor-widget-wrap elementor-element-populated\">\n<div class=\"elementor-element elementor-element-2821eb2 elementor-widget elementor-widget-image\" data-id=\"2821eb2\" data-element_type=\"widget\" data-e-type=\"widget\" data-widget_type=\"image.default\">\n<div class=\"elementor-widget-container\"><\/div>\n<\/div>\n<\/div>\n<\/div>\n<div class=\"elementor-column elementor-col-50 elementor-inner-column elementor-element elementor-element-cfbbf89\" data-id=\"cfbbf89\" data-element_type=\"column\" data-e-type=\"column\">\n<div class=\"elementor-widget-wrap elementor-element-populated\">\n<div class=\"elementor-element elementor-element-91253e7 elementor-widget elementor-widget-text-editor\" data-id=\"91253e7\" data-element_type=\"widget\" data-e-type=\"widget\" data-widget_type=\"text-editor.default\">\n<div class=\"elementor-widget-container\">\n<h4 style=\"text-align: left;\"><strong>Bienfaits :\u00a0<\/strong><\/h4>\n<ul style=\"text-align: left;\">\n<li style=\"text-align: left;\">\n<h4>R\u00e9duction du stress, lib\u00e9ration des tensions et douleurs musculaires<\/h4>\n<\/li>\n<li style=\"text-align: left;\">\n<h4>Stimule la circulation sanguine et lymphatique<\/h4>\n<\/li>\n<li style=\"text-align: left;\">\n<h4>Am\u00e9liore la souplesse des tissus musculaires<\/h4>\n<\/li>\n<li style=\"text-align: left;\">\n<h4>Soulage les maux de dos<\/h4>\n<\/li>\n<li style=\"text-align: left;\">\n<h4>Favorise l\u2019\u00e9limination des toxines<\/h4>\n<\/li>\n<li style=\"text-align: left;\">\n<h4>Renforce le syst\u00e8me immunitaire<\/h4>\n<\/li>\n<li>\n<h4 style=\"text-align: left;\">Mobilise les articulations<\/h4>\n<\/li>\n<\/ul>\n<h4 style=\"text-align: left;\"><\/h4>\n<\/div>\n<\/div>\n<\/div>\n<\/div>\n<\/div>\n<\/section>\n<\/div>\n<\/div>\n<\/div>\n<\/section>\n","protected":false},"featured_media":1417,"template":"","meta":{"_uag_custom_page_level_css":"","_swt_meta_header_display":false,"_swt_meta_footer_display":false,"_swt_meta_site_title_display":false,"_swt_meta_sticky_header":false,"_swt_meta_transparent_header":false},"product_brand":[],"product_cat":[44,149],"product_tag":[64,53,65,63,40,54],"class_list":{"0":"post-3723","1":"product","2":"type-product","3":"status-publish","4":"has-post-thumbnail","6":"product_cat-carte-cadeau","7":"product_cat-cevennesbienetre","8":"product_tag-detente-musculaire","9":"product_tag-massage-en-profondeur","10":"product_tag-prevention-des-blessures","11":"product_tag-reduction-des-courbatures","12":"product_tag-relaxation-profonde","13":"product_tag-tensions-musculaires","15":"first","16":"instock","17":"shipping-taxable","18":"purchasable","19":"product-type-variable"},"yoast_head":"<!-- This site is optimized with the Yoast SEO plugin v27.5 - https:\/\/yoast.com\/product\/yoast-seo-wordpress\/ -->\n<title>Carte cadeau Massage sportif - C\u00e9vennes Bien-\u00catre - Massages bien-\u00eatre et soins \u00e9nerg\u00e9tiques<\/title>\n<meta name=\"description\" content=\"Massage sportif inspir\u00e9 du massage su\u00e9dois et du deep tissue : r\u00e9cup\u00e9ration musculaire, pr\u00e9vention des blessures, r\u00e9duction des courbatures et am\u00e9lioration de la circulation. S\u00e9ances personnalis\u00e9es.\" \/>\n<meta name=\"robots\" content=\"index, follow, max-snippet:-1, max-image-preview:large, max-video-preview:-1\" \/>\n<link rel=\"canonical\" href=\"https:\/\/cevennesbienetre.fr\/index.php\/produit\/carte-cadeau-massage-sportif\/\" \/>\n<meta property=\"og:locale\" content=\"fr_FR\" \/>\n<meta property=\"og:type\" content=\"article\" \/>\n<meta property=\"og:title\" content=\"Carte cadeau Massage sportif - C\u00e9vennes Bien-\u00catre - Massages bien-\u00eatre et soins \u00e9nerg\u00e9tiques\" \/>\n<meta property=\"og:description\" content=\"Massage sportif inspir\u00e9 du massage su\u00e9dois et du deep tissue : r\u00e9cup\u00e9ration musculaire, pr\u00e9vention des blessures, r\u00e9duction des courbatures et am\u00e9lioration de la circulation. S\u00e9ances personnalis\u00e9es.\" \/>\n<meta property=\"og:url\" content=\"https:\/\/cevennesbienetre.fr\/index.php\/produit\/carte-cadeau-massage-sportif\/\" \/>\n<meta property=\"og:site_name\" content=\"C\u00e9vennes Bien-\u00catre - Massages bien-\u00eatre et soins \u00e9nerg\u00e9tiques\" \/>\n<meta property=\"article:publisher\" content=\"https:\/\/www.facebook.com\/cevennesbienetre\" \/>\n<meta property=\"article:modified_time\" content=\"2026-03-16T20:23:13+00:00\" \/>\n<meta property=\"og:image\" content=\"https:\/\/cevennesbienetre.fr\/wp-content\/uploads\/2020\/03\/deep-tissue-2-1.jpg\" \/>\n\t<meta property=\"og:image:width\" content=\"1920\" \/>\n\t<meta property=\"og:image:height\" content=\"1279\" \/>\n\t<meta property=\"og:image:type\" content=\"image\/jpeg\" \/>\n<meta name=\"twitter:card\" content=\"summary_large_image\" \/>\n<meta name=\"twitter:label1\" content=\"Dur\u00e9e de lecture estim\u00e9e\" \/>\n\t<meta name=\"twitter:data1\" content=\"1 minute\" \/>\n<script type=\"application\/ld+json\" class=\"yoast-schema-graph\">{\"@context\":\"https:\\\/\\\/schema.org\",\"@graph\":[{\"@type\":\"WebPage\",\"@id\":\"https:\\\/\\\/cevennesbienetre.fr\\\/index.php\\\/produit\\\/carte-cadeau-massage-sportif\\\/\",\"url\":\"https:\\\/\\\/cevennesbienetre.fr\\\/index.php\\\/produit\\\/carte-cadeau-massage-sportif\\\/\",\"name\":\"Carte cadeau Massage sportif - C\u00e9vennes Bien-\u00catre - Massages bien-\u00eatre et soins \u00e9nerg\u00e9tiques\",\"isPartOf\":{\"@id\":\"https:\\\/\\\/cevennesbienetre.fr\\\/#website\"},\"primaryImageOfPage\":{\"@id\":\"https:\\\/\\\/cevennesbienetre.fr\\\/index.php\\\/produit\\\/carte-cadeau-massage-sportif\\\/#primaryimage\"},\"image\":{\"@id\":\"https:\\\/\\\/cevennesbienetre.fr\\\/index.php\\\/produit\\\/carte-cadeau-massage-sportif\\\/#primaryimage\"},\"thumbnailUrl\":\"https:\\\/\\\/cevennesbienetre.fr\\\/wp-content\\\/uploads\\\/2020\\\/03\\\/deep-tissue-2-1.jpg\",\"datePublished\":\"2026-03-12T08:53:03+00:00\",\"dateModified\":\"2026-03-16T20:23:13+00:00\",\"description\":\"Massage sportif inspir\u00e9 du massage su\u00e9dois et du deep tissue : r\u00e9cup\u00e9ration musculaire, pr\u00e9vention des blessures, r\u00e9duction des courbatures et am\u00e9lioration de la circulation. S\u00e9ances personnalis\u00e9es.\",\"breadcrumb\":{\"@id\":\"https:\\\/\\\/cevennesbienetre.fr\\\/index.php\\\/produit\\\/carte-cadeau-massage-sportif\\\/#breadcrumb\"},\"inLanguage\":\"fr-FR\",\"potentialAction\":[{\"@type\":\"ReadAction\",\"target\":[\"https:\\\/\\\/cevennesbienetre.fr\\\/index.php\\\/produit\\\/carte-cadeau-massage-sportif\\\/\"]}]},{\"@type\":\"ImageObject\",\"inLanguage\":\"fr-FR\",\"@id\":\"https:\\\/\\\/cevennesbienetre.fr\\\/index.php\\\/produit\\\/carte-cadeau-massage-sportif\\\/#primaryimage\",\"url\":\"https:\\\/\\\/cevennesbienetre.fr\\\/wp-content\\\/uploads\\\/2020\\\/03\\\/deep-tissue-2-1.jpg\",\"contentUrl\":\"https:\\\/\\\/cevennesbienetre.fr\\\/wp-content\\\/uploads\\\/2020\\\/03\\\/deep-tissue-2-1.jpg\",\"width\":1920,\"height\":1279},{\"@type\":\"BreadcrumbList\",\"@id\":\"https:\\\/\\\/cevennesbienetre.fr\\\/index.php\\\/produit\\\/carte-cadeau-massage-sportif\\\/#breadcrumb\",\"itemListElement\":[{\"@type\":\"ListItem\",\"position\":1,\"name\":\"Accueil\",\"item\":\"https:\\\/\\\/cevennesbienetre.fr\\\/\"},{\"@type\":\"ListItem\",\"position\":2,\"name\":\"Boutique\",\"item\":\"https:\\\/\\\/cevennesbienetre.fr\\\/index.php\\\/boutique\\\/\"},{\"@type\":\"ListItem\",\"position\":3,\"name\":\"Carte cadeau Massage sportif\"}]},{\"@type\":\"WebSite\",\"@id\":\"https:\\\/\\\/cevennesbienetre.fr\\\/#website\",\"url\":\"https:\\\/\\\/cevennesbienetre.fr\\\/\",\"name\":\"C\u00e9vennes Bien-\u00catre - Massages bien-\u00eatre et soins \u00e9nerg\u00e9tiques\",\"description\":\"\",\"publisher\":{\"@id\":\"https:\\\/\\\/cevennesbienetre.fr\\\/#organization\"},\"potentialAction\":[{\"@type\":\"SearchAction\",\"target\":{\"@type\":\"EntryPoint\",\"urlTemplate\":\"https:\\\/\\\/cevennesbienetre.fr\\\/?s={search_term_string}\"},\"query-input\":{\"@type\":\"PropertyValueSpecification\",\"valueRequired\":true,\"valueName\":\"search_term_string\"}}],\"inLanguage\":\"fr-FR\"},{\"@type\":\"Organization\",\"@id\":\"https:\\\/\\\/cevennesbienetre.fr\\\/#organization\",\"name\":\"C\u00e9vennes Bien-\u00catre - Massages bien-\u00eatre et soins \u00e9nerg\u00e9tiques\",\"url\":\"https:\\\/\\\/cevennesbienetre.fr\\\/\",\"logo\":{\"@type\":\"ImageObject\",\"inLanguage\":\"fr-FR\",\"@id\":\"https:\\\/\\\/cevennesbienetre.fr\\\/#\\\/schema\\\/logo\\\/image\\\/\",\"url\":\"https:\\\/\\\/cevennesbienetre.fr\\\/wp-content\\\/uploads\\\/2026\\\/02\\\/Logo_Final_Main_a_05-257x300-1-150x150-1.png\",\"contentUrl\":\"https:\\\/\\\/cevennesbienetre.fr\\\/wp-content\\\/uploads\\\/2026\\\/02\\\/Logo_Final_Main_a_05-257x300-1-150x150-1.png\",\"width\":150,\"height\":150,\"caption\":\"C\u00e9vennes Bien-\u00catre - Massages bien-\u00eatre et soins \u00e9nerg\u00e9tiques\"},\"image\":{\"@id\":\"https:\\\/\\\/cevennesbienetre.fr\\\/#\\\/schema\\\/logo\\\/image\\\/\"},\"sameAs\":[\"https:\\\/\\\/www.facebook.com\\\/cevennesbienetre\"]}]}<\/script>\n<!-- \/ Yoast SEO plugin. -->","yoast_head_json":{"title":"Carte cadeau Massage sportif - C\u00e9vennes Bien-\u00catre - Massages bien-\u00eatre et soins \u00e9nerg\u00e9tiques","description":"Massage sportif inspir\u00e9 du massage su\u00e9dois et du deep tissue : r\u00e9cup\u00e9ration musculaire, pr\u00e9vention des blessures, r\u00e9duction des courbatures et am\u00e9lioration de la circulation. S\u00e9ances personnalis\u00e9es.","robots":{"index":"index","follow":"follow","max-snippet":"max-snippet:-1","max-image-preview":"max-image-preview:large","max-video-preview":"max-video-preview:-1"},"canonical":"https:\/\/cevennesbienetre.fr\/index.php\/produit\/carte-cadeau-massage-sportif\/","og_locale":"fr_FR","og_type":"article","og_title":"Carte cadeau Massage sportif - C\u00e9vennes Bien-\u00catre - Massages bien-\u00eatre et soins \u00e9nerg\u00e9tiques","og_description":"Massage sportif inspir\u00e9 du massage su\u00e9dois et du deep tissue : r\u00e9cup\u00e9ration musculaire, pr\u00e9vention des blessures, r\u00e9duction des courbatures et am\u00e9lioration de la circulation. S\u00e9ances personnalis\u00e9es.","og_url":"https:\/\/cevennesbienetre.fr\/index.php\/produit\/carte-cadeau-massage-sportif\/","og_site_name":"C\u00e9vennes Bien-\u00catre - Massages bien-\u00eatre et soins \u00e9nerg\u00e9tiques","article_publisher":"https:\/\/www.facebook.com\/cevennesbienetre","article_modified_time":"2026-03-16T20:23:13+00:00","og_image":[{"width":1920,"height":1279,"url":"https:\/\/cevennesbienetre.fr\/wp-content\/uploads\/2020\/03\/deep-tissue-2-1.jpg","type":"image\/jpeg"}],"twitter_card":"summary_large_image","twitter_misc":{"Dur\u00e9e de lecture estim\u00e9e":"1 minute"},"schema":{"@context":"https:\/\/schema.org","@graph":[{"@type":"WebPage","@id":"https:\/\/cevennesbienetre.fr\/index.php\/produit\/carte-cadeau-massage-sportif\/","url":"https:\/\/cevennesbienetre.fr\/index.php\/produit\/carte-cadeau-massage-sportif\/","name":"Carte cadeau Massage sportif - C\u00e9vennes Bien-\u00catre - Massages bien-\u00eatre et soins \u00e9nerg\u00e9tiques","isPartOf":{"@id":"https:\/\/cevennesbienetre.fr\/#website"},"primaryImageOfPage":{"@id":"https:\/\/cevennesbienetre.fr\/index.php\/produit\/carte-cadeau-massage-sportif\/#primaryimage"},"image":{"@id":"https:\/\/cevennesbienetre.fr\/index.php\/produit\/carte-cadeau-massage-sportif\/#primaryimage"},"thumbnailUrl":"https:\/\/cevennesbienetre.fr\/wp-content\/uploads\/2020\/03\/deep-tissue-2-1.jpg","datePublished":"2026-03-12T08:53:03+00:00","dateModified":"2026-03-16T20:23:13+00:00","description":"Massage sportif inspir\u00e9 du massage su\u00e9dois et du deep tissue : r\u00e9cup\u00e9ration musculaire, pr\u00e9vention des blessures, r\u00e9duction des courbatures et am\u00e9lioration de la circulation. S\u00e9ances personnalis\u00e9es.","breadcrumb":{"@id":"https:\/\/cevennesbienetre.fr\/index.php\/produit\/carte-cadeau-massage-sportif\/#breadcrumb"},"inLanguage":"fr-FR","potentialAction":[{"@type":"ReadAction","target":["https:\/\/cevennesbienetre.fr\/index.php\/produit\/carte-cadeau-massage-sportif\/"]}]},{"@type":"ImageObject","inLanguage":"fr-FR","@id":"https:\/\/cevennesbienetre.fr\/index.php\/produit\/carte-cadeau-massage-sportif\/#primaryimage","url":"https:\/\/cevennesbienetre.fr\/wp-content\/uploads\/2020\/03\/deep-tissue-2-1.jpg","contentUrl":"https:\/\/cevennesbienetre.fr\/wp-content\/uploads\/2020\/03\/deep-tissue-2-1.jpg","width":1920,"height":1279},{"@type":"BreadcrumbList","@id":"https:\/\/cevennesbienetre.fr\/index.php\/produit\/carte-cadeau-massage-sportif\/#breadcrumb","itemListElement":[{"@type":"ListItem","position":1,"name":"Accueil","item":"https:\/\/cevennesbienetre.fr\/"},{"@type":"ListItem","position":2,"name":"Boutique","item":"https:\/\/cevennesbienetre.fr\/index.php\/boutique\/"},{"@type":"ListItem","position":3,"name":"Carte cadeau Massage sportif"}]},{"@type":"WebSite","@id":"https:\/\/cevennesbienetre.fr\/#website","url":"https:\/\/cevennesbienetre.fr\/","name":"C\u00e9vennes Bien-\u00catre - Massages bien-\u00eatre et soins \u00e9nerg\u00e9tiques","description":"","publisher":{"@id":"https:\/\/cevennesbienetre.fr\/#organization"},"potentialAction":[{"@type":"SearchAction","target":{"@type":"EntryPoint","urlTemplate":"https:\/\/cevennesbienetre.fr\/?s={search_term_string}"},"query-input":{"@type":"PropertyValueSpecification","valueRequired":true,"valueName":"search_term_string"}}],"inLanguage":"fr-FR"},{"@type":"Organization","@id":"https:\/\/cevennesbienetre.fr\/#organization","name":"C\u00e9vennes Bien-\u00catre - Massages bien-\u00eatre et soins \u00e9nerg\u00e9tiques","url":"https:\/\/cevennesbienetre.fr\/","logo":{"@type":"ImageObject","inLanguage":"fr-FR","@id":"https:\/\/cevennesbienetre.fr\/#\/schema\/logo\/image\/","url":"https:\/\/cevennesbienetre.fr\/wp-content\/uploads\/2026\/02\/Logo_Final_Main_a_05-257x300-1-150x150-1.png","contentUrl":"https:\/\/cevennesbienetre.fr\/wp-content\/uploads\/2026\/02\/Logo_Final_Main_a_05-257x300-1-150x150-1.png","width":150,"height":150,"caption":"C\u00e9vennes Bien-\u00catre - Massages bien-\u00eatre et soins \u00e9nerg\u00e9tiques"},"image":{"@id":"https:\/\/cevennesbienetre.fr\/#\/schema\/logo\/image\/"},"sameAs":["https:\/\/www.facebook.com\/cevennesbienetre"]}]}},"uagb_featured_image_src":{"full":["https:\/\/cevennesbienetre.fr\/wp-content\/uploads\/2020\/03\/deep-tissue-2-1.jpg",1920,1279,false],"thumbnail":["https:\/\/cevennesbienetre.fr\/wp-content\/uploads\/2020\/03\/deep-tissue-2-1-150x150.jpg",150,150,true],"medium":["https:\/\/cevennesbienetre.fr\/wp-content\/uploads\/2020\/03\/deep-tissue-2-1-300x200.jpg",300,200,true],"medium_large":["https:\/\/cevennesbienetre.fr\/wp-content\/uploads\/2020\/03\/deep-tissue-2-1-768x512.jpg",768,512,true],"large":["https:\/\/cevennesbienetre.fr\/wp-content\/uploads\/2020\/03\/deep-tissue-2-1-1024x682.jpg",1024,682,true],"1536x1536":["https:\/\/cevennesbienetre.fr\/wp-content\/uploads\/2020\/03\/deep-tissue-2-1-1536x1023.jpg",1536,1023,true],"2048x2048":["https:\/\/cevennesbienetre.fr\/wp-content\/uploads\/2020\/03\/deep-tissue-2-1.jpg",1920,1279,false],"woocommerce_thumbnail":["https:\/\/cevennesbienetre.fr\/wp-content\/uploads\/2020\/03\/deep-tissue-2-1-300x300.jpg",300,300,true],"woocommerce_single":["https:\/\/cevennesbienetre.fr\/wp-content\/uploads\/2020\/03\/deep-tissue-2-1-600x400.jpg",600,400,true],"woocommerce_gallery_thumbnail":["https:\/\/cevennesbienetre.fr\/wp-content\/uploads\/2020\/03\/deep-tissue-2-1-100x100.jpg",100,100,true]},"uagb_author_info":{"display_name":"admin6017","author_link":"https:\/\/cevennesbienetre.fr\/index.php\/author\/"},"uagb_comment_info":0,"uagb_excerpt":"Le massage sportif que je propose intervient avant ou apr\u00e8s une s\u00e9ance de sport mais \u00e9galement dans le cadre du bien-\u00eatre pour la relaxation et la d\u00e9tente. Je vais emprunter une technique de massage su\u00e9dois\u00a0 \u00e9labor\u00e9e par le docteur su\u00e9dois Per Henrik Ling il y a 2 si\u00e8cles afin d\u2019optimiser les performances des athl\u00e8tes. Je\u2026","_links":{"self":[{"href":"https:\/\/cevennesbienetre.fr\/index.php\/wp-json\/wp\/v2\/product\/3723","targetHints":{"allow":["GET"]}}],"collection":[{"href":"https:\/\/cevennesbienetre.fr\/index.php\/wp-json\/wp\/v2\/product"}],"about":[{"href":"https:\/\/cevennesbienetre.fr\/index.php\/wp-json\/wp\/v2\/types\/product"}],"wp:featuredmedia":[{"embeddable":true,"href":"https:\/\/cevennesbienetre.fr\/index.php\/wp-json\/wp\/v2\/media\/1417"}],"wp:attachment":[{"href":"https:\/\/cevennesbienetre.fr\/index.php\/wp-json\/wp\/v2\/media?parent=3723"}],"wp:term":[{"taxonomy":"product_brand","embeddable":true,"href":"https:\/\/cevennesbienetre.fr\/index.php\/wp-json\/wp\/v2\/product_brand?post=3723"},{"taxonomy":"product_cat","embeddable":true,"href":"https:\/\/cevennesbienetre.fr\/index.php\/wp-json\/wp\/v2\/product_cat?post=3723"},{"taxonomy":"product_tag","embeddable":true,"href":"https:\/\/cevennesbienetre.fr\/index.php\/wp-json\/wp\/v2\/product_tag?post=3723"}],"curies":[{"name":"wp","href":"https:\/\/api.w.org\/{rel}","templated":true}]}}