{"id":3413,"date":"2026-03-03T11:03:20","date_gmt":"2026-03-03T10:03:20","guid":{"rendered":"https:\/\/cevennesbienetre.fr\/?post_type=product&#038;p=3413"},"modified":"2026-03-16T21:26:14","modified_gmt":"2026-03-16T20:26:14","slug":"gommage-du-corps","status":"publish","type":"product","link":"https:\/\/cevennesbienetre.fr\/index.php\/produit\/gommage-du-corps\/","title":{"rendered":"Gommage du corps"},"content":{"rendered":"<p data-start=\"181\" data-end=\"573\">Le <strong data-start=\"184\" data-end=\"225\"><span class=\"hover:entity-accent entity-underline inline cursor-pointer align-baseline\"><span class=\"whitespace-normal\">Gommage Bio au Sel de l\u2019Himalaya<\/span><\/span><\/strong>\u00a0est un soin exfoliant naturel con\u00e7u pour \u00e9liminer les cellules mortes tout en nourrissant intens\u00e9ment la peau. Formul\u00e9 \u00e0 base de <strong data-start=\"355\" data-end=\"381\">sel rose de l\u2019Himalaya<\/strong> et d\u2019<strong data-start=\"387\" data-end=\"427\">huiles essentielles et v\u00e9g\u00e9tales bio<\/strong>, ce gommage agit comme un v\u00e9ritable soin 2-en-1 : il exfolie en douceur et hydrate la peau en profondeur.<\/p>\n<p data-start=\"575\" data-end=\"839\">Gr\u00e2ce \u00e0 la richesse min\u00e9rale du sel de l\u2019Himalaya, ce gommage stimule le renouvellement cellulaire, d\u00e9sincruste les impuret\u00e9s et affine le grain de peau pour r\u00e9v\u00e9ler un teint plus lumineux et une peau visiblement plus douce.<\/p>\n<p data-start=\"841\" data-end=\"1140\">Les <strong data-start=\"845\" data-end=\"877\">huiles essentielles <\/strong>apportent une dimension sensorielle unique et procurent un v\u00e9ritable moment de bien-\u00eatre lors de l\u2019application. Elles nourrissent l\u2019\u00e9piderme, laissent un voile hydratant et participent \u00e0 la d\u00e9tente du corps et de l\u2019esprit.<\/p>\n<p data-start=\"1142\" data-end=\"1406\">Apr\u00e8s utilisation, la peau est <strong data-start=\"1173\" data-end=\"1216\">lisse, satin\u00e9e et parfaitement hydrat\u00e9e<\/strong>, sans sensation de tiraillement. Ce soin exfoliant est id\u00e9al pour pr\u00e9parer la peau \u00e0 recevoir d\u2019autres soins corporels ou simplement pour retrouver une peau douce et \u00e9clatante au quotidien.<\/p>\n<h3 data-section-id=\"qmnmsu\" data-start=\"1408\" data-end=\"1462\">B\u00e9n\u00e9fices du gommage au sel de l\u2019Himalaya<\/h3>\n<ul data-start=\"1463\" data-end=\"1766\">\n<li data-section-id=\"13tbx4p\" data-start=\"1463\" data-end=\"1520\">\n<p data-start=\"1465\" data-end=\"1520\">\u00c9limine efficacement les cellules mortes et impuret\u00e9s<\/p>\n<\/li>\n<li data-section-id=\"10rx181\" data-start=\"1521\" data-end=\"1588\">\n<p data-start=\"1523\" data-end=\"1588\">Affine le grain de peau et stimule le renouvellement cellulaire<\/p>\n<\/li>\n<li data-section-id=\"i1w1h7\" data-start=\"1589\" data-end=\"1654\">\n<p data-start=\"1591\" data-end=\"1654\">Hydrate et nourrit gr\u00e2ce aux huiles essentielles et v\u00e9g\u00e9tales<\/p>\n<\/li>\n<li data-section-id=\"1kdxkfp\" data-start=\"1655\" data-end=\"1699\">\n<p data-start=\"1657\" data-end=\"1699\">Laisse la peau douce, lisse et lumineuse<\/p>\n<\/li>\n<li data-section-id=\"820zjm\" data-start=\"1700\" data-end=\"1766\">\n<p data-start=\"1702\" data-end=\"1766\">Procure un moment de relaxation gr\u00e2ce aux propri\u00e9t\u00e9s aromatiques<\/p>\n<\/li>\n<\/ul>\n<p>Ce soin dure environ 30 mn et se combine \u00e0 la perfection avant un massage.<\/p>\n","protected":false},"excerpt":{"rendered":"<p data-start=\"488\" data-end=\"563\"><strong data-start=\"488\" data-end=\"563\">Gommage au sel de l\u2019Himalaya : un rituel de beaut\u00e9 naturel pour la peau<\/strong><\/p>\n<p data-start=\"565\" data-end=\"978\">Le gommage au sel de l\u2019Himalaya est un soin exfoliant naturel qui \u00e9limine les cellules mortes, stimule la circulation et laisse la peau douce et lumineuse. Riche en min\u00e9raux essentiels, le sel rose de l\u2019Himalaya purifie la peau tout en favorisant sa r\u00e9g\u00e9n\u00e9ration. Ce rituel de soin aide \u00e0 lisser la peau, am\u00e9liorer son \u00e9clat et pr\u00e9parer le corps \u00e0 recevoir d\u2019autres soins comme les massages.<\/p>\n","protected":false},"featured_media":3661,"template":"","meta":{"_uag_custom_page_level_css":"","_swt_meta_header_display":false,"_swt_meta_footer_display":false,"_swt_meta_site_title_display":false,"_swt_meta_sticky_header":false,"_swt_meta_transparent_header":false},"product_brand":[],"product_cat":[149,97,47],"product_tag":[140,142,139,138,141],"class_list":{"0":"post-3413","1":"product","2":"type-product","3":"status-publish","4":"has-post-thumbnail","6":"product_cat-cevennesbienetre","7":"product_cat-gommage-du-corps","8":"product_cat-les-complements","9":"product_tag-gommage-corps-hydratant","10":"product_tag-gommage-corps-naturel-hydratant-aux-huiles-essentielles","11":"product_tag-gommage-exfoliant-naturel","12":"product_tag-gommage-sel-de-lhimalaya","13":"product_tag-soin-exfoliant-corps-bio","15":"first","16":"instock","17":"shipping-taxable","18":"purchasable","19":"product-type-simple"},"yoast_head":"<!-- This site is optimized with the Yoast SEO plugin v27.5 - https:\/\/yoast.com\/product\/yoast-seo-wordpress\/ -->\n<title>Gommage du corps - C\u00e9vennes Bien-\u00catre - Massages bien-\u00eatre et soins \u00e9nerg\u00e9tiques<\/title>\n<meta name=\"description\" content=\"Gommage au sel de l\u2019Himalaya : exfolie la peau, \u00e9limine les cellules mortes et hydrate gr\u00e2ce aux huiles essentielles. Pour une peau douce, lisse et lumineuse.\" \/>\n<meta name=\"robots\" content=\"index, follow, max-snippet:-1, max-image-preview:large, max-video-preview:-1\" \/>\n<link rel=\"canonical\" href=\"https:\/\/cevennesbienetre.fr\/index.php\/produit\/gommage-du-corps\/\" \/>\n<meta property=\"og:locale\" content=\"fr_FR\" \/>\n<meta property=\"og:type\" content=\"article\" \/>\n<meta property=\"og:title\" content=\"Gommage du corps - C\u00e9vennes Bien-\u00catre - Massages bien-\u00eatre et soins \u00e9nerg\u00e9tiques\" \/>\n<meta property=\"og:description\" content=\"Gommage au sel de l\u2019Himalaya : exfolie la peau, \u00e9limine les cellules mortes et hydrate gr\u00e2ce aux huiles essentielles. Pour une peau douce, lisse et lumineuse.\" \/>\n<meta property=\"og:url\" content=\"https:\/\/cevennesbienetre.fr\/index.php\/produit\/gommage-du-corps\/\" \/>\n<meta property=\"og:site_name\" content=\"C\u00e9vennes Bien-\u00catre - Massages bien-\u00eatre et soins \u00e9nerg\u00e9tiques\" \/>\n<meta property=\"article:publisher\" content=\"https:\/\/www.facebook.com\/cevennesbienetre\" \/>\n<meta property=\"article:modified_time\" content=\"2026-03-16T20:26:14+00:00\" \/>\n<meta property=\"og:image\" content=\"https:\/\/cevennesbienetre.fr\/wp-content\/uploads\/2026\/03\/gommage-sel.jpg\" \/>\n\t<meta property=\"og:image:width\" content=\"1500\" \/>\n\t<meta property=\"og:image:height\" content=\"1000\" \/>\n\t<meta property=\"og:image:type\" content=\"image\/jpeg\" \/>\n<meta name=\"twitter:card\" content=\"summary_large_image\" \/>\n<meta name=\"twitter:label1\" content=\"Dur\u00e9e de lecture estim\u00e9e\" \/>\n\t<meta name=\"twitter:data1\" content=\"2 minutes\" \/>\n<script type=\"application\/ld+json\" class=\"yoast-schema-graph\">{\"@context\":\"https:\\\/\\\/schema.org\",\"@graph\":[{\"@type\":\"WebPage\",\"@id\":\"https:\\\/\\\/cevennesbienetre.fr\\\/index.php\\\/produit\\\/gommage-du-corps\\\/\",\"url\":\"https:\\\/\\\/cevennesbienetre.fr\\\/index.php\\\/produit\\\/gommage-du-corps\\\/\",\"name\":\"Gommage du corps - C\u00e9vennes Bien-\u00catre - Massages bien-\u00eatre et soins \u00e9nerg\u00e9tiques\",\"isPartOf\":{\"@id\":\"https:\\\/\\\/cevennesbienetre.fr\\\/#website\"},\"primaryImageOfPage\":{\"@id\":\"https:\\\/\\\/cevennesbienetre.fr\\\/index.php\\\/produit\\\/gommage-du-corps\\\/#primaryimage\"},\"image\":{\"@id\":\"https:\\\/\\\/cevennesbienetre.fr\\\/index.php\\\/produit\\\/gommage-du-corps\\\/#primaryimage\"},\"thumbnailUrl\":\"https:\\\/\\\/cevennesbienetre.fr\\\/wp-content\\\/uploads\\\/2026\\\/03\\\/gommage-sel.jpg\",\"datePublished\":\"2026-03-03T10:03:20+00:00\",\"dateModified\":\"2026-03-16T20:26:14+00:00\",\"description\":\"Gommage au sel de l\u2019Himalaya : exfolie la peau, \u00e9limine les cellules mortes et hydrate gr\u00e2ce aux huiles essentielles. Pour une peau douce, lisse et lumineuse.\",\"breadcrumb\":{\"@id\":\"https:\\\/\\\/cevennesbienetre.fr\\\/index.php\\\/produit\\\/gommage-du-corps\\\/#breadcrumb\"},\"inLanguage\":\"fr-FR\",\"potentialAction\":[{\"@type\":\"ReadAction\",\"target\":[\"https:\\\/\\\/cevennesbienetre.fr\\\/index.php\\\/produit\\\/gommage-du-corps\\\/\"]}]},{\"@type\":\"ImageObject\",\"inLanguage\":\"fr-FR\",\"@id\":\"https:\\\/\\\/cevennesbienetre.fr\\\/index.php\\\/produit\\\/gommage-du-corps\\\/#primaryimage\",\"url\":\"https:\\\/\\\/cevennesbienetre.fr\\\/wp-content\\\/uploads\\\/2026\\\/03\\\/gommage-sel.jpg\",\"contentUrl\":\"https:\\\/\\\/cevennesbienetre.fr\\\/wp-content\\\/uploads\\\/2026\\\/03\\\/gommage-sel.jpg\",\"width\":1500,\"height\":1000,\"caption\":\"gommage sel rose\"},{\"@type\":\"BreadcrumbList\",\"@id\":\"https:\\\/\\\/cevennesbienetre.fr\\\/index.php\\\/produit\\\/gommage-du-corps\\\/#breadcrumb\",\"itemListElement\":[{\"@type\":\"ListItem\",\"position\":1,\"name\":\"Accueil\",\"item\":\"https:\\\/\\\/cevennesbienetre.fr\\\/\"},{\"@type\":\"ListItem\",\"position\":2,\"name\":\"Boutique\",\"item\":\"https:\\\/\\\/cevennesbienetre.fr\\\/index.php\\\/boutique\\\/\"},{\"@type\":\"ListItem\",\"position\":3,\"name\":\"Gommage du corps\"}]},{\"@type\":\"WebSite\",\"@id\":\"https:\\\/\\\/cevennesbienetre.fr\\\/#website\",\"url\":\"https:\\\/\\\/cevennesbienetre.fr\\\/\",\"name\":\"C\u00e9vennes Bien-\u00catre - Massages bien-\u00eatre et soins \u00e9nerg\u00e9tiques\",\"description\":\"\",\"publisher\":{\"@id\":\"https:\\\/\\\/cevennesbienetre.fr\\\/#organization\"},\"potentialAction\":[{\"@type\":\"SearchAction\",\"target\":{\"@type\":\"EntryPoint\",\"urlTemplate\":\"https:\\\/\\\/cevennesbienetre.fr\\\/?s={search_term_string}\"},\"query-input\":{\"@type\":\"PropertyValueSpecification\",\"valueRequired\":true,\"valueName\":\"search_term_string\"}}],\"inLanguage\":\"fr-FR\"},{\"@type\":\"Organization\",\"@id\":\"https:\\\/\\\/cevennesbienetre.fr\\\/#organization\",\"name\":\"C\u00e9vennes Bien-\u00catre - Massages bien-\u00eatre et soins \u00e9nerg\u00e9tiques\",\"url\":\"https:\\\/\\\/cevennesbienetre.fr\\\/\",\"logo\":{\"@type\":\"ImageObject\",\"inLanguage\":\"fr-FR\",\"@id\":\"https:\\\/\\\/cevennesbienetre.fr\\\/#\\\/schema\\\/logo\\\/image\\\/\",\"url\":\"https:\\\/\\\/cevennesbienetre.fr\\\/wp-content\\\/uploads\\\/2026\\\/02\\\/Logo_Final_Main_a_05-257x300-1-150x150-1.png\",\"contentUrl\":\"https:\\\/\\\/cevennesbienetre.fr\\\/wp-content\\\/uploads\\\/2026\\\/02\\\/Logo_Final_Main_a_05-257x300-1-150x150-1.png\",\"width\":150,\"height\":150,\"caption\":\"C\u00e9vennes Bien-\u00catre - Massages bien-\u00eatre et soins \u00e9nerg\u00e9tiques\"},\"image\":{\"@id\":\"https:\\\/\\\/cevennesbienetre.fr\\\/#\\\/schema\\\/logo\\\/image\\\/\"},\"sameAs\":[\"https:\\\/\\\/www.facebook.com\\\/cevennesbienetre\"]}]}<\/script>\n<!-- \/ Yoast SEO plugin. -->","yoast_head_json":{"title":"Gommage du corps - C\u00e9vennes Bien-\u00catre - Massages bien-\u00eatre et soins \u00e9nerg\u00e9tiques","description":"Gommage au sel de l\u2019Himalaya : exfolie la peau, \u00e9limine les cellules mortes et hydrate gr\u00e2ce aux huiles essentielles. Pour une peau douce, lisse et lumineuse.","robots":{"index":"index","follow":"follow","max-snippet":"max-snippet:-1","max-image-preview":"max-image-preview:large","max-video-preview":"max-video-preview:-1"},"canonical":"https:\/\/cevennesbienetre.fr\/index.php\/produit\/gommage-du-corps\/","og_locale":"fr_FR","og_type":"article","og_title":"Gommage du corps - C\u00e9vennes Bien-\u00catre - Massages bien-\u00eatre et soins \u00e9nerg\u00e9tiques","og_description":"Gommage au sel de l\u2019Himalaya : exfolie la peau, \u00e9limine les cellules mortes et hydrate gr\u00e2ce aux huiles essentielles. Pour une peau douce, lisse et lumineuse.","og_url":"https:\/\/cevennesbienetre.fr\/index.php\/produit\/gommage-du-corps\/","og_site_name":"C\u00e9vennes Bien-\u00catre - Massages bien-\u00eatre et soins \u00e9nerg\u00e9tiques","article_publisher":"https:\/\/www.facebook.com\/cevennesbienetre","article_modified_time":"2026-03-16T20:26:14+00:00","og_image":[{"width":1500,"height":1000,"url":"https:\/\/cevennesbienetre.fr\/wp-content\/uploads\/2026\/03\/gommage-sel.jpg","type":"image\/jpeg"}],"twitter_card":"summary_large_image","twitter_misc":{"Dur\u00e9e de lecture estim\u00e9e":"2 minutes"},"schema":{"@context":"https:\/\/schema.org","@graph":[{"@type":"WebPage","@id":"https:\/\/cevennesbienetre.fr\/index.php\/produit\/gommage-du-corps\/","url":"https:\/\/cevennesbienetre.fr\/index.php\/produit\/gommage-du-corps\/","name":"Gommage du corps - C\u00e9vennes Bien-\u00catre - Massages bien-\u00eatre et soins \u00e9nerg\u00e9tiques","isPartOf":{"@id":"https:\/\/cevennesbienetre.fr\/#website"},"primaryImageOfPage":{"@id":"https:\/\/cevennesbienetre.fr\/index.php\/produit\/gommage-du-corps\/#primaryimage"},"image":{"@id":"https:\/\/cevennesbienetre.fr\/index.php\/produit\/gommage-du-corps\/#primaryimage"},"thumbnailUrl":"https:\/\/cevennesbienetre.fr\/wp-content\/uploads\/2026\/03\/gommage-sel.jpg","datePublished":"2026-03-03T10:03:20+00:00","dateModified":"2026-03-16T20:26:14+00:00","description":"Gommage au sel de l\u2019Himalaya : exfolie la peau, \u00e9limine les cellules mortes et hydrate gr\u00e2ce aux huiles essentielles. Pour une peau douce, lisse et lumineuse.","breadcrumb":{"@id":"https:\/\/cevennesbienetre.fr\/index.php\/produit\/gommage-du-corps\/#breadcrumb"},"inLanguage":"fr-FR","potentialAction":[{"@type":"ReadAction","target":["https:\/\/cevennesbienetre.fr\/index.php\/produit\/gommage-du-corps\/"]}]},{"@type":"ImageObject","inLanguage":"fr-FR","@id":"https:\/\/cevennesbienetre.fr\/index.php\/produit\/gommage-du-corps\/#primaryimage","url":"https:\/\/cevennesbienetre.fr\/wp-content\/uploads\/2026\/03\/gommage-sel.jpg","contentUrl":"https:\/\/cevennesbienetre.fr\/wp-content\/uploads\/2026\/03\/gommage-sel.jpg","width":1500,"height":1000,"caption":"gommage sel rose"},{"@type":"BreadcrumbList","@id":"https:\/\/cevennesbienetre.fr\/index.php\/produit\/gommage-du-corps\/#breadcrumb","itemListElement":[{"@type":"ListItem","position":1,"name":"Accueil","item":"https:\/\/cevennesbienetre.fr\/"},{"@type":"ListItem","position":2,"name":"Boutique","item":"https:\/\/cevennesbienetre.fr\/index.php\/boutique\/"},{"@type":"ListItem","position":3,"name":"Gommage du corps"}]},{"@type":"WebSite","@id":"https:\/\/cevennesbienetre.fr\/#website","url":"https:\/\/cevennesbienetre.fr\/","name":"C\u00e9vennes Bien-\u00catre - Massages bien-\u00eatre et soins \u00e9nerg\u00e9tiques","description":"","publisher":{"@id":"https:\/\/cevennesbienetre.fr\/#organization"},"potentialAction":[{"@type":"SearchAction","target":{"@type":"EntryPoint","urlTemplate":"https:\/\/cevennesbienetre.fr\/?s={search_term_string}"},"query-input":{"@type":"PropertyValueSpecification","valueRequired":true,"valueName":"search_term_string"}}],"inLanguage":"fr-FR"},{"@type":"Organization","@id":"https:\/\/cevennesbienetre.fr\/#organization","name":"C\u00e9vennes Bien-\u00catre - Massages bien-\u00eatre et soins \u00e9nerg\u00e9tiques","url":"https:\/\/cevennesbienetre.fr\/","logo":{"@type":"ImageObject","inLanguage":"fr-FR","@id":"https:\/\/cevennesbienetre.fr\/#\/schema\/logo\/image\/","url":"https:\/\/cevennesbienetre.fr\/wp-content\/uploads\/2026\/02\/Logo_Final_Main_a_05-257x300-1-150x150-1.png","contentUrl":"https:\/\/cevennesbienetre.fr\/wp-content\/uploads\/2026\/02\/Logo_Final_Main_a_05-257x300-1-150x150-1.png","width":150,"height":150,"caption":"C\u00e9vennes Bien-\u00catre - Massages bien-\u00eatre et soins \u00e9nerg\u00e9tiques"},"image":{"@id":"https:\/\/cevennesbienetre.fr\/#\/schema\/logo\/image\/"},"sameAs":["https:\/\/www.facebook.com\/cevennesbienetre"]}]}},"uagb_featured_image_src":{"full":["https:\/\/cevennesbienetre.fr\/wp-content\/uploads\/2026\/03\/gommage-sel.jpg",1500,1000,false],"thumbnail":["https:\/\/cevennesbienetre.fr\/wp-content\/uploads\/2026\/03\/gommage-sel-150x150.jpg",150,150,true],"medium":["https:\/\/cevennesbienetre.fr\/wp-content\/uploads\/2026\/03\/gommage-sel-300x200.jpg",300,200,true],"medium_large":["https:\/\/cevennesbienetre.fr\/wp-content\/uploads\/2026\/03\/gommage-sel-768x512.jpg",768,512,true],"large":["https:\/\/cevennesbienetre.fr\/wp-content\/uploads\/2026\/03\/gommage-sel-1024x683.jpg",1024,683,true],"1536x1536":["https:\/\/cevennesbienetre.fr\/wp-content\/uploads\/2026\/03\/gommage-sel.jpg",1500,1000,false],"2048x2048":["https:\/\/cevennesbienetre.fr\/wp-content\/uploads\/2026\/03\/gommage-sel.jpg",1500,1000,false],"woocommerce_thumbnail":["https:\/\/cevennesbienetre.fr\/wp-content\/uploads\/2026\/03\/gommage-sel-300x300.jpg",300,300,true],"woocommerce_single":["https:\/\/cevennesbienetre.fr\/wp-content\/uploads\/2026\/03\/gommage-sel-600x400.jpg",600,400,true],"woocommerce_gallery_thumbnail":["https:\/\/cevennesbienetre.fr\/wp-content\/uploads\/2026\/03\/gommage-sel-100x100.jpg",100,100,true]},"uagb_author_info":{"display_name":"admin6017","author_link":"https:\/\/cevennesbienetre.fr\/index.php\/author\/"},"uagb_comment_info":0,"uagb_excerpt":"Gommage au sel de l\u2019Himalaya : un rituel de beaut\u00e9 naturel pour la peau Le gommage au sel de l\u2019Himalaya est un soin exfoliant naturel qui \u00e9limine les cellules mortes, stimule la circulation et laisse la peau douce et lumineuse. Riche en min\u00e9raux essentiels, le sel rose de l\u2019Himalaya purifie la peau tout en favorisant\u2026","_links":{"self":[{"href":"https:\/\/cevennesbienetre.fr\/index.php\/wp-json\/wp\/v2\/product\/3413","targetHints":{"allow":["GET"]}}],"collection":[{"href":"https:\/\/cevennesbienetre.fr\/index.php\/wp-json\/wp\/v2\/product"}],"about":[{"href":"https:\/\/cevennesbienetre.fr\/index.php\/wp-json\/wp\/v2\/types\/product"}],"wp:featuredmedia":[{"embeddable":true,"href":"https:\/\/cevennesbienetre.fr\/index.php\/wp-json\/wp\/v2\/media\/3661"}],"wp:attachment":[{"href":"https:\/\/cevennesbienetre.fr\/index.php\/wp-json\/wp\/v2\/media?parent=3413"}],"wp:term":[{"taxonomy":"product_brand","embeddable":true,"href":"https:\/\/cevennesbienetre.fr\/index.php\/wp-json\/wp\/v2\/product_brand?post=3413"},{"taxonomy":"product_cat","embeddable":true,"href":"https:\/\/cevennesbienetre.fr\/index.php\/wp-json\/wp\/v2\/product_cat?post=3413"},{"taxonomy":"product_tag","embeddable":true,"href":"https:\/\/cevennesbienetre.fr\/index.php\/wp-json\/wp\/v2\/product_tag?post=3413"}],"curies":[{"name":"wp","href":"https:\/\/api.w.org\/{rel}","templated":true}]}}