{"id":3411,"date":"2026-03-03T11:03:20","date_gmt":"2026-03-03T10:03:20","guid":{"rendered":"https:\/\/cevennesbienetre.fr\/?post_type=product&#038;p=3411"},"modified":"2026-03-16T21:26:40","modified_gmt":"2026-03-16T20:26:40","slug":"massage-aux-bols-harmonisation-et-recharge-energetique","status":"publish","type":"product","link":"https:\/\/cevennesbienetre.fr\/index.php\/produit\/massage-aux-bols-harmonisation-et-recharge-energetique\/","title":{"rendered":"Massage aux bols tib\u00e9tains"},"content":{"rendered":"<h1 data-section-id=\"65urbo\" data-start=\"140\" data-end=\"208\">Massage aux bols tib\u00e9tains : harmonisation et recharge \u00e9nerg\u00e9tique<\/h1>\n<p data-start=\"210\" data-end=\"578\">Le <strong data-start=\"213\" data-end=\"243\">massage aux bols tib\u00e9tains<\/strong> est une pratique ancestrale issue des traditions asiatiques qui utilise les <strong data-start=\"320\" data-end=\"365\">vibrations et les sons des bols chantants<\/strong> pour r\u00e9\u00e9quilibrer le corps et l\u2019esprit. Lors de la s\u00e9ance, plusieurs bols tib\u00e9tains sont d\u00e9licatement <strong data-start=\"468\" data-end=\"508\">pos\u00e9s sur diff\u00e9rentes zones du corps<\/strong> ou autour de la personne afin de diffuser leurs vibrations profondes.<\/p>\n<p data-start=\"580\" data-end=\"924\">Lorsque les bols sont frapp\u00e9s ou frott\u00e9s, ils produisent des <strong data-start=\"641\" data-end=\"673\">ondes sonores et vibratoires<\/strong> qui se propagent \u00e0 travers le corps, compos\u00e9 en grande partie d\u2019eau. Ces vibrations agissent comme un v\u00e9ritable <strong data-start=\"786\" data-end=\"804\">massage sonore<\/strong> qui favorise la d\u00e9tente profonde, la circulation de l\u2019\u00e9nergie et la lib\u00e9ration des tensions physiques et \u00e9motionnelles.<\/p>\n<p data-start=\"926\" data-end=\"1181\">Cette pratique est particuli\u00e8rement appr\u00e9ci\u00e9e pour ses effets de <strong data-start=\"991\" data-end=\"1069\">recharge \u00e9nerg\u00e9tique et d\u2019harmonisation des centres \u00e9nerg\u00e9tiques (chakras)<\/strong>. Elle permet de r\u00e9\u00e9quilibrer les \u00e9nergies, de rel\u00e2cher les blocages et de retrouver un \u00e9tat de calme int\u00e9rieur.<\/p>\n<p data-start=\"1183\" data-end=\"1434\">Le massage aux bols tib\u00e9tains est id\u00e9al pour les personnes en qu\u00eate de <strong data-start=\"1254\" data-end=\"1308\">bien-\u00eatre, de relaxation profonde et de recentrage<\/strong>. Il agit \u00e0 la fois sur le corps, le mental et les \u00e9motions, offrant une exp\u00e9rience unique de relaxation et de revitalisation.<\/p>\n<h2 data-section-id=\"fuymkb\" data-start=\"1436\" data-end=\"1478\">Bienfaits du massage aux bols tib\u00e9tains<\/h2>\n<p data-start=\"1480\" data-end=\"1548\">Le massage sonore aux bols tib\u00e9tains procure de nombreux bienfaits :<\/p>\n<ul data-start=\"1550\" data-end=\"1881\">\n<li data-section-id=\"gt6q55\" data-start=\"1550\" data-end=\"1596\">\n<p data-start=\"1552\" data-end=\"1596\">relaxation profonde et r\u00e9duction du stress<\/p>\n<\/li>\n<li data-section-id=\"1ahloau\" data-start=\"1597\" data-end=\"1638\">\n<p data-start=\"1599\" data-end=\"1638\">harmonisation et recharge \u00e9nerg\u00e9tique<\/p>\n<\/li>\n<li data-section-id=\"zm6eke\" data-start=\"1639\" data-end=\"1693\">\n<p data-start=\"1641\" data-end=\"1693\">lib\u00e9ration des tensions physiques et \u00e9motionnelles<\/p>\n<\/li>\n<li data-section-id=\"1ap6al0\" data-start=\"1694\" data-end=\"1735\">\n<p data-start=\"1696\" data-end=\"1735\">am\u00e9lioration de la qualit\u00e9 du sommeil<\/p>\n<\/li>\n<li data-section-id=\"1y8geim\" data-start=\"1736\" data-end=\"1781\">\n<p data-start=\"1738\" data-end=\"1781\">stimulation de la circulation \u00e9nerg\u00e9tique<\/p>\n<\/li>\n<li data-section-id=\"1kph99d\" data-start=\"1782\" data-end=\"1832\">\n<p data-start=\"1784\" data-end=\"1832\">apaisement du mental et r\u00e9duction de l\u2019anxi\u00e9t\u00e9<\/p>\n<\/li>\n<li data-section-id=\"fd7peo\" data-start=\"1833\" data-end=\"1881\">\n<p data-start=\"1835\" data-end=\"1881\">sensation de l\u00e9g\u00e8ret\u00e9 et de bien-\u00eatre global<\/p>\n<\/li>\n<\/ul>\n<p data-start=\"1883\" data-end=\"2041\">Les vibrations des bols favorisent un <strong data-start=\"1921\" data-end=\"1947\">\u00e9tat m\u00e9ditatif profond<\/strong>, permettant au corps de se r\u00e9g\u00e9n\u00e9rer naturellement et de retrouver son \u00e9quilibre \u00e9nerg\u00e9tique.<\/p>\n<h2 data-section-id=\"5gsio1\" data-start=\"2043\" data-end=\"2075\">Comment se d\u00e9roule une s\u00e9ance<\/h2>\n<p data-start=\"2077\" data-end=\"2346\">Lors d\u2019une s\u00e9ance de <strong data-start=\"2098\" data-end=\"2128\">massage aux bols tib\u00e9tains<\/strong>, la personne est allong\u00e9e confortablement. Les bols chantants sont plac\u00e9s sur certaines parties du corps ou autour de celui-ci. Le praticien active ensuite les bols pour produire des vibrations et des sons harmonieux.<\/p>\n<p data-start=\"2348\" data-end=\"2510\">Ces vibrations traversent le corps et procurent un <strong data-start=\"2399\" data-end=\"2429\">massage \u00e9nerg\u00e9tique subtil<\/strong> qui favorise la d\u00e9tente, la lib\u00e9ration des blocages et la recharge des \u00e9nergies.<\/p>\n<p data-start=\"2512\" data-end=\"2614\">Chaque s\u00e9ance est un moment de <strong data-start=\"2543\" data-end=\"2613\">relaxation profonde, de l\u00e2cher-prise et d\u2019harmonisation int\u00e9rieure<\/strong>.<\/p>\n","protected":false},"excerpt":{"rendered":"<h1 data-section-id=\"65urbo\" data-start=\"140\" data-end=\"208\">Massage aux bols tib\u00e9tains : harmonisation et recharge \u00e9nerg\u00e9tique<\/h1>\n<p data-start=\"210\" data-end=\"578\">Le <strong data-start=\"213\" data-end=\"243\">massage aux bols tib\u00e9tains<\/strong> est une pratique ancestrale issue des traditions asiatiques qui utilise les <strong data-start=\"320\" data-end=\"365\">vibrations et les sons des bols chantants<\/strong> pour r\u00e9\u00e9quilibrer le corps et l\u2019esprit. Lors de la s\u00e9ance, plusieurs bols tib\u00e9tains sont d\u00e9licatement <strong data-start=\"468\" data-end=\"508\">pos\u00e9s sur diff\u00e9rentes zones du corps<\/strong> ou autour de la personne afin de diffuser leurs vibrations profondes.<\/p>\n<p data-start=\"580\" data-end=\"924\">Lorsque les bols sont frapp\u00e9s ou frott\u00e9s, ils produisent des <strong data-start=\"641\" data-end=\"673\">ondes sonores et vibratoires<\/strong> qui se propagent \u00e0 travers le corps, compos\u00e9 en grande partie d\u2019eau. Ces vibrations agissent comme un v\u00e9ritable <strong data-start=\"786\" data-end=\"804\">massage sonore<\/strong> qui favorise la d\u00e9tente profonde, la circulation de l\u2019\u00e9nergie et la lib\u00e9ration des tensions physiques et \u00e9motionnelles.<\/p>\n<p data-start=\"926\" data-end=\"1181\">Cette pratique est particuli\u00e8rement appr\u00e9ci\u00e9e pour ses effets de <strong data-start=\"991\" data-end=\"1069\">recharge \u00e9nerg\u00e9tique et d\u2019harmonisation des centres \u00e9nerg\u00e9tiques (chakras)<\/strong>. Elle permet de r\u00e9\u00e9quilibrer les \u00e9nergies, de rel\u00e2cher les blocages et de retrouver un \u00e9tat de calme int\u00e9rieur.<\/p>\n<p data-start=\"1183\" data-end=\"1434\">Le massage aux bols tib\u00e9tains est id\u00e9al pour les personnes en qu\u00eate de <strong data-start=\"1254\" data-end=\"1308\">bien-\u00eatre, de relaxation profonde et de recentrage<\/strong>. Il agit \u00e0 la fois sur le corps, le mental et les \u00e9motions, offrant une exp\u00e9rience unique de relaxation et de revitalisation.<\/p>\n","protected":false},"featured_media":3664,"template":"","meta":{"_uag_custom_page_level_css":"","_swt_meta_header_display":false,"_swt_meta_footer_display":false,"_swt_meta_site_title_display":false,"_swt_meta_sticky_header":false,"_swt_meta_transparent_header":false},"product_brand":[],"product_cat":[149,98,46],"product_tag":[144,36,146,39,78,143,40,145],"class_list":{"0":"post-3411","1":"product","2":"type-product","3":"status-publish","4":"has-post-thumbnail","6":"product_cat-cevennesbienetre","7":"product_cat-massages-aux-bols-tibetains","8":"product_cat-massages-specifiques","9":"product_tag-chakras","10":"product_tag-detente","11":"product_tag-harmonisation-des-chakras-avec-bols-tibetains","12":"product_tag-lacher-prise","13":"product_tag-massage-bien-etre","14":"product_tag-massage-sonore-bols-tibetains","15":"product_tag-relaxation-profonde","16":"product_tag-therapie-sonore","18":"first","19":"instock","20":"shipping-taxable","21":"purchasable","22":"product-type-variable"},"yoast_head":"<!-- This site is optimized with the Yoast SEO plugin v27.5 - https:\/\/yoast.com\/product\/yoast-seo-wordpress\/ -->\n<title>Massage aux bols tib\u00e9tains - C\u00e9vennes Bien-\u00catre - Massages bien-\u00eatre et soins \u00e9nerg\u00e9tiques<\/title>\n<meta name=\"description\" content=\"Massage aux bols tib\u00e9tains : vibrations sonores et recharge \u00e9nerg\u00e9tique pour lib\u00e9rer les tensions, harmoniser les chakras et procurer une profonde relaxation.\" \/>\n<meta name=\"robots\" content=\"index, follow, max-snippet:-1, max-image-preview:large, max-video-preview:-1\" \/>\n<link rel=\"canonical\" href=\"https:\/\/cevennesbienetre.fr\/index.php\/produit\/massage-aux-bols-harmonisation-et-recharge-energetique\/\" \/>\n<meta property=\"og:locale\" content=\"fr_FR\" \/>\n<meta property=\"og:type\" content=\"article\" \/>\n<meta property=\"og:title\" content=\"Massage aux bols tib\u00e9tains - C\u00e9vennes Bien-\u00catre - Massages bien-\u00eatre et soins \u00e9nerg\u00e9tiques\" \/>\n<meta property=\"og:description\" content=\"Massage aux bols tib\u00e9tains : vibrations sonores et recharge \u00e9nerg\u00e9tique pour lib\u00e9rer les tensions, harmoniser les chakras et procurer une profonde relaxation.\" \/>\n<meta property=\"og:url\" content=\"https:\/\/cevennesbienetre.fr\/index.php\/produit\/massage-aux-bols-harmonisation-et-recharge-energetique\/\" \/>\n<meta property=\"og:site_name\" content=\"C\u00e9vennes Bien-\u00catre - Massages bien-\u00eatre et soins \u00e9nerg\u00e9tiques\" \/>\n<meta property=\"article:publisher\" content=\"https:\/\/www.facebook.com\/cevennesbienetre\" \/>\n<meta property=\"article:modified_time\" content=\"2026-03-16T20:26:40+00:00\" \/>\n<meta property=\"og:image\" content=\"https:\/\/cevennesbienetre.fr\/wp-content\/uploads\/2026\/03\/Massage-aux-bols-table.jpg\" \/>\n\t<meta property=\"og:image:width\" content=\"1500\" \/>\n\t<meta property=\"og:image:height\" content=\"1000\" \/>\n\t<meta property=\"og:image:type\" content=\"image\/jpeg\" \/>\n<meta name=\"twitter:card\" content=\"summary_large_image\" \/>\n<meta name=\"twitter:label1\" content=\"Dur\u00e9e de lecture estim\u00e9e\" \/>\n\t<meta name=\"twitter:data1\" content=\"3 minutes\" \/>\n<script type=\"application\/ld+json\" class=\"yoast-schema-graph\">{\"@context\":\"https:\\\/\\\/schema.org\",\"@graph\":[{\"@type\":\"WebPage\",\"@id\":\"https:\\\/\\\/cevennesbienetre.fr\\\/index.php\\\/produit\\\/massage-aux-bols-harmonisation-et-recharge-energetique\\\/\",\"url\":\"https:\\\/\\\/cevennesbienetre.fr\\\/index.php\\\/produit\\\/massage-aux-bols-harmonisation-et-recharge-energetique\\\/\",\"name\":\"Massage aux bols tib\u00e9tains - C\u00e9vennes Bien-\u00catre - Massages bien-\u00eatre et soins \u00e9nerg\u00e9tiques\",\"isPartOf\":{\"@id\":\"https:\\\/\\\/cevennesbienetre.fr\\\/#website\"},\"primaryImageOfPage\":{\"@id\":\"https:\\\/\\\/cevennesbienetre.fr\\\/index.php\\\/produit\\\/massage-aux-bols-harmonisation-et-recharge-energetique\\\/#primaryimage\"},\"image\":{\"@id\":\"https:\\\/\\\/cevennesbienetre.fr\\\/index.php\\\/produit\\\/massage-aux-bols-harmonisation-et-recharge-energetique\\\/#primaryimage\"},\"thumbnailUrl\":\"https:\\\/\\\/cevennesbienetre.fr\\\/wp-content\\\/uploads\\\/2026\\\/03\\\/Massage-aux-bols-table.jpg\",\"datePublished\":\"2026-03-03T10:03:20+00:00\",\"dateModified\":\"2026-03-16T20:26:40+00:00\",\"description\":\"Massage aux bols tib\u00e9tains : vibrations sonores et recharge \u00e9nerg\u00e9tique pour lib\u00e9rer les tensions, harmoniser les chakras et procurer une profonde relaxation.\",\"breadcrumb\":{\"@id\":\"https:\\\/\\\/cevennesbienetre.fr\\\/index.php\\\/produit\\\/massage-aux-bols-harmonisation-et-recharge-energetique\\\/#breadcrumb\"},\"inLanguage\":\"fr-FR\",\"potentialAction\":[{\"@type\":\"ReadAction\",\"target\":[\"https:\\\/\\\/cevennesbienetre.fr\\\/index.php\\\/produit\\\/massage-aux-bols-harmonisation-et-recharge-energetique\\\/\"]}]},{\"@type\":\"ImageObject\",\"inLanguage\":\"fr-FR\",\"@id\":\"https:\\\/\\\/cevennesbienetre.fr\\\/index.php\\\/produit\\\/massage-aux-bols-harmonisation-et-recharge-energetique\\\/#primaryimage\",\"url\":\"https:\\\/\\\/cevennesbienetre.fr\\\/wp-content\\\/uploads\\\/2026\\\/03\\\/Massage-aux-bols-table.jpg\",\"contentUrl\":\"https:\\\/\\\/cevennesbienetre.fr\\\/wp-content\\\/uploads\\\/2026\\\/03\\\/Massage-aux-bols-table.jpg\",\"width\":1500,\"height\":1000},{\"@type\":\"BreadcrumbList\",\"@id\":\"https:\\\/\\\/cevennesbienetre.fr\\\/index.php\\\/produit\\\/massage-aux-bols-harmonisation-et-recharge-energetique\\\/#breadcrumb\",\"itemListElement\":[{\"@type\":\"ListItem\",\"position\":1,\"name\":\"Accueil\",\"item\":\"https:\\\/\\\/cevennesbienetre.fr\\\/\"},{\"@type\":\"ListItem\",\"position\":2,\"name\":\"Boutique\",\"item\":\"https:\\\/\\\/cevennesbienetre.fr\\\/index.php\\\/boutique\\\/\"},{\"@type\":\"ListItem\",\"position\":3,\"name\":\"Massage aux bols tib\u00e9tains\"}]},{\"@type\":\"WebSite\",\"@id\":\"https:\\\/\\\/cevennesbienetre.fr\\\/#website\",\"url\":\"https:\\\/\\\/cevennesbienetre.fr\\\/\",\"name\":\"C\u00e9vennes Bien-\u00catre - Massages bien-\u00eatre et soins \u00e9nerg\u00e9tiques\",\"description\":\"\",\"publisher\":{\"@id\":\"https:\\\/\\\/cevennesbienetre.fr\\\/#organization\"},\"potentialAction\":[{\"@type\":\"SearchAction\",\"target\":{\"@type\":\"EntryPoint\",\"urlTemplate\":\"https:\\\/\\\/cevennesbienetre.fr\\\/?s={search_term_string}\"},\"query-input\":{\"@type\":\"PropertyValueSpecification\",\"valueRequired\":true,\"valueName\":\"search_term_string\"}}],\"inLanguage\":\"fr-FR\"},{\"@type\":\"Organization\",\"@id\":\"https:\\\/\\\/cevennesbienetre.fr\\\/#organization\",\"name\":\"C\u00e9vennes Bien-\u00catre - Massages bien-\u00eatre et soins \u00e9nerg\u00e9tiques\",\"url\":\"https:\\\/\\\/cevennesbienetre.fr\\\/\",\"logo\":{\"@type\":\"ImageObject\",\"inLanguage\":\"fr-FR\",\"@id\":\"https:\\\/\\\/cevennesbienetre.fr\\\/#\\\/schema\\\/logo\\\/image\\\/\",\"url\":\"https:\\\/\\\/cevennesbienetre.fr\\\/wp-content\\\/uploads\\\/2026\\\/02\\\/Logo_Final_Main_a_05-257x300-1-150x150-1.png\",\"contentUrl\":\"https:\\\/\\\/cevennesbienetre.fr\\\/wp-content\\\/uploads\\\/2026\\\/02\\\/Logo_Final_Main_a_05-257x300-1-150x150-1.png\",\"width\":150,\"height\":150,\"caption\":\"C\u00e9vennes Bien-\u00catre - Massages bien-\u00eatre et soins \u00e9nerg\u00e9tiques\"},\"image\":{\"@id\":\"https:\\\/\\\/cevennesbienetre.fr\\\/#\\\/schema\\\/logo\\\/image\\\/\"},\"sameAs\":[\"https:\\\/\\\/www.facebook.com\\\/cevennesbienetre\"]}]}<\/script>\n<!-- \/ Yoast SEO plugin. -->","yoast_head_json":{"title":"Massage aux bols tib\u00e9tains - C\u00e9vennes Bien-\u00catre - Massages bien-\u00eatre et soins \u00e9nerg\u00e9tiques","description":"Massage aux bols tib\u00e9tains : vibrations sonores et recharge \u00e9nerg\u00e9tique pour lib\u00e9rer les tensions, harmoniser les chakras et procurer une profonde relaxation.","robots":{"index":"index","follow":"follow","max-snippet":"max-snippet:-1","max-image-preview":"max-image-preview:large","max-video-preview":"max-video-preview:-1"},"canonical":"https:\/\/cevennesbienetre.fr\/index.php\/produit\/massage-aux-bols-harmonisation-et-recharge-energetique\/","og_locale":"fr_FR","og_type":"article","og_title":"Massage aux bols tib\u00e9tains - C\u00e9vennes Bien-\u00catre - Massages bien-\u00eatre et soins \u00e9nerg\u00e9tiques","og_description":"Massage aux bols tib\u00e9tains : vibrations sonores et recharge \u00e9nerg\u00e9tique pour lib\u00e9rer les tensions, harmoniser les chakras et procurer une profonde relaxation.","og_url":"https:\/\/cevennesbienetre.fr\/index.php\/produit\/massage-aux-bols-harmonisation-et-recharge-energetique\/","og_site_name":"C\u00e9vennes Bien-\u00catre - Massages bien-\u00eatre et soins \u00e9nerg\u00e9tiques","article_publisher":"https:\/\/www.facebook.com\/cevennesbienetre","article_modified_time":"2026-03-16T20:26:40+00:00","og_image":[{"width":1500,"height":1000,"url":"https:\/\/cevennesbienetre.fr\/wp-content\/uploads\/2026\/03\/Massage-aux-bols-table.jpg","type":"image\/jpeg"}],"twitter_card":"summary_large_image","twitter_misc":{"Dur\u00e9e de lecture estim\u00e9e":"3 minutes"},"schema":{"@context":"https:\/\/schema.org","@graph":[{"@type":"WebPage","@id":"https:\/\/cevennesbienetre.fr\/index.php\/produit\/massage-aux-bols-harmonisation-et-recharge-energetique\/","url":"https:\/\/cevennesbienetre.fr\/index.php\/produit\/massage-aux-bols-harmonisation-et-recharge-energetique\/","name":"Massage aux bols tib\u00e9tains - C\u00e9vennes Bien-\u00catre - Massages bien-\u00eatre et soins \u00e9nerg\u00e9tiques","isPartOf":{"@id":"https:\/\/cevennesbienetre.fr\/#website"},"primaryImageOfPage":{"@id":"https:\/\/cevennesbienetre.fr\/index.php\/produit\/massage-aux-bols-harmonisation-et-recharge-energetique\/#primaryimage"},"image":{"@id":"https:\/\/cevennesbienetre.fr\/index.php\/produit\/massage-aux-bols-harmonisation-et-recharge-energetique\/#primaryimage"},"thumbnailUrl":"https:\/\/cevennesbienetre.fr\/wp-content\/uploads\/2026\/03\/Massage-aux-bols-table.jpg","datePublished":"2026-03-03T10:03:20+00:00","dateModified":"2026-03-16T20:26:40+00:00","description":"Massage aux bols tib\u00e9tains : vibrations sonores et recharge \u00e9nerg\u00e9tique pour lib\u00e9rer les tensions, harmoniser les chakras et procurer une profonde relaxation.","breadcrumb":{"@id":"https:\/\/cevennesbienetre.fr\/index.php\/produit\/massage-aux-bols-harmonisation-et-recharge-energetique\/#breadcrumb"},"inLanguage":"fr-FR","potentialAction":[{"@type":"ReadAction","target":["https:\/\/cevennesbienetre.fr\/index.php\/produit\/massage-aux-bols-harmonisation-et-recharge-energetique\/"]}]},{"@type":"ImageObject","inLanguage":"fr-FR","@id":"https:\/\/cevennesbienetre.fr\/index.php\/produit\/massage-aux-bols-harmonisation-et-recharge-energetique\/#primaryimage","url":"https:\/\/cevennesbienetre.fr\/wp-content\/uploads\/2026\/03\/Massage-aux-bols-table.jpg","contentUrl":"https:\/\/cevennesbienetre.fr\/wp-content\/uploads\/2026\/03\/Massage-aux-bols-table.jpg","width":1500,"height":1000},{"@type":"BreadcrumbList","@id":"https:\/\/cevennesbienetre.fr\/index.php\/produit\/massage-aux-bols-harmonisation-et-recharge-energetique\/#breadcrumb","itemListElement":[{"@type":"ListItem","position":1,"name":"Accueil","item":"https:\/\/cevennesbienetre.fr\/"},{"@type":"ListItem","position":2,"name":"Boutique","item":"https:\/\/cevennesbienetre.fr\/index.php\/boutique\/"},{"@type":"ListItem","position":3,"name":"Massage aux bols tib\u00e9tains"}]},{"@type":"WebSite","@id":"https:\/\/cevennesbienetre.fr\/#website","url":"https:\/\/cevennesbienetre.fr\/","name":"C\u00e9vennes Bien-\u00catre - Massages bien-\u00eatre et soins \u00e9nerg\u00e9tiques","description":"","publisher":{"@id":"https:\/\/cevennesbienetre.fr\/#organization"},"potentialAction":[{"@type":"SearchAction","target":{"@type":"EntryPoint","urlTemplate":"https:\/\/cevennesbienetre.fr\/?s={search_term_string}"},"query-input":{"@type":"PropertyValueSpecification","valueRequired":true,"valueName":"search_term_string"}}],"inLanguage":"fr-FR"},{"@type":"Organization","@id":"https:\/\/cevennesbienetre.fr\/#organization","name":"C\u00e9vennes Bien-\u00catre - Massages bien-\u00eatre et soins \u00e9nerg\u00e9tiques","url":"https:\/\/cevennesbienetre.fr\/","logo":{"@type":"ImageObject","inLanguage":"fr-FR","@id":"https:\/\/cevennesbienetre.fr\/#\/schema\/logo\/image\/","url":"https:\/\/cevennesbienetre.fr\/wp-content\/uploads\/2026\/02\/Logo_Final_Main_a_05-257x300-1-150x150-1.png","contentUrl":"https:\/\/cevennesbienetre.fr\/wp-content\/uploads\/2026\/02\/Logo_Final_Main_a_05-257x300-1-150x150-1.png","width":150,"height":150,"caption":"C\u00e9vennes Bien-\u00catre - Massages bien-\u00eatre et soins \u00e9nerg\u00e9tiques"},"image":{"@id":"https:\/\/cevennesbienetre.fr\/#\/schema\/logo\/image\/"},"sameAs":["https:\/\/www.facebook.com\/cevennesbienetre"]}]}},"uagb_featured_image_src":{"full":["https:\/\/cevennesbienetre.fr\/wp-content\/uploads\/2026\/03\/Massage-aux-bols-table.jpg",1500,1000,false],"thumbnail":["https:\/\/cevennesbienetre.fr\/wp-content\/uploads\/2026\/03\/Massage-aux-bols-table-150x150.jpg",150,150,true],"medium":["https:\/\/cevennesbienetre.fr\/wp-content\/uploads\/2026\/03\/Massage-aux-bols-table-300x200.jpg",300,200,true],"medium_large":["https:\/\/cevennesbienetre.fr\/wp-content\/uploads\/2026\/03\/Massage-aux-bols-table-768x512.jpg",768,512,true],"large":["https:\/\/cevennesbienetre.fr\/wp-content\/uploads\/2026\/03\/Massage-aux-bols-table-1024x683.jpg",1024,683,true],"1536x1536":["https:\/\/cevennesbienetre.fr\/wp-content\/uploads\/2026\/03\/Massage-aux-bols-table.jpg",1500,1000,false],"2048x2048":["https:\/\/cevennesbienetre.fr\/wp-content\/uploads\/2026\/03\/Massage-aux-bols-table.jpg",1500,1000,false],"woocommerce_thumbnail":["https:\/\/cevennesbienetre.fr\/wp-content\/uploads\/2026\/03\/Massage-aux-bols-table-300x300.jpg",300,300,true],"woocommerce_single":["https:\/\/cevennesbienetre.fr\/wp-content\/uploads\/2026\/03\/Massage-aux-bols-table-600x400.jpg",600,400,true],"woocommerce_gallery_thumbnail":["https:\/\/cevennesbienetre.fr\/wp-content\/uploads\/2026\/03\/Massage-aux-bols-table-100x100.jpg",100,100,true]},"uagb_author_info":{"display_name":"admin6017","author_link":"https:\/\/cevennesbienetre.fr\/index.php\/author\/"},"uagb_comment_info":0,"uagb_excerpt":"Massage aux bols tib\u00e9tains : harmonisation et recharge \u00e9nerg\u00e9tique Le massage aux bols tib\u00e9tains est une pratique ancestrale issue des traditions asiatiques qui utilise les vibrations et les sons des bols chantants pour r\u00e9\u00e9quilibrer le corps et l\u2019esprit. Lors de la s\u00e9ance, plusieurs bols tib\u00e9tains sont d\u00e9licatement pos\u00e9s sur diff\u00e9rentes zones du corps ou autour\u2026","_links":{"self":[{"href":"https:\/\/cevennesbienetre.fr\/index.php\/wp-json\/wp\/v2\/product\/3411","targetHints":{"allow":["GET"]}}],"collection":[{"href":"https:\/\/cevennesbienetre.fr\/index.php\/wp-json\/wp\/v2\/product"}],"about":[{"href":"https:\/\/cevennesbienetre.fr\/index.php\/wp-json\/wp\/v2\/types\/product"}],"wp:featuredmedia":[{"embeddable":true,"href":"https:\/\/cevennesbienetre.fr\/index.php\/wp-json\/wp\/v2\/media\/3664"}],"wp:attachment":[{"href":"https:\/\/cevennesbienetre.fr\/index.php\/wp-json\/wp\/v2\/media?parent=3411"}],"wp:term":[{"taxonomy":"product_brand","embeddable":true,"href":"https:\/\/cevennesbienetre.fr\/index.php\/wp-json\/wp\/v2\/product_brand?post=3411"},{"taxonomy":"product_cat","embeddable":true,"href":"https:\/\/cevennesbienetre.fr\/index.php\/wp-json\/wp\/v2\/product_cat?post=3411"},{"taxonomy":"product_tag","embeddable":true,"href":"https:\/\/cevennesbienetre.fr\/index.php\/wp-json\/wp\/v2\/product_tag?post=3411"}],"curies":[{"name":"wp","href":"https:\/\/api.w.org\/{rel}","templated":true}]}}