{"id":3406,"date":"2026-02-17T16:18:55","date_gmt":"2026-02-17T15:18:55","guid":{"rendered":"https:\/\/cevennesbienetre.fr\/?post_type=product&#038;p=3406"},"modified":"2026-03-16T21:35:44","modified_gmt":"2026-03-16T20:35:44","slug":"le-duo-complice","status":"publish","type":"product","link":"https:\/\/cevennesbienetre.fr\/index.php\/produit\/le-duo-complice\/","title":{"rendered":"Le duo complice"},"content":{"rendered":"<p style=\"text-align: left;\" data-start=\"81\" data-end=\"342\">Le massage en duo est une exp\u00e9rience de bien-\u00eatre unique \u00e0 partager avec la personne de votre choix. R\u00e9alis\u00e9 dans la m\u00eame cabine, par deux praticiens, ce soin permet de profiter d\u2019un moment de d\u00e9tente profonde tout en vivant une parenth\u00e8se privil\u00e9gi\u00e9e \u00e0 deux.<\/p>\n<p style=\"text-align: left;\" data-start=\"344\" data-end=\"644\">Id\u00e9al pour les couples, amis ou membres d\u2019une m\u00eame famille, le massage en duo favorise la relaxation, le l\u00e2cher-prise et la reconnexion \u00e0 soi et \u00e0 l\u2019autre. Les techniques utilis\u00e9es peuvent \u00eatre adapt\u00e9es selon les besoins de chacun : d\u00e9tente musculaire, relaxation globale ou rel\u00e2chement des tensions.<\/p>\n","protected":false},"excerpt":{"rendered":"<p style=\"text-align: left;\">La pi\u00e8ce dans laquelle je vous re\u00e7ois \u00e9tant spacieuse, j\u2019ai le privil\u00e8ge de pouvoir vous proposer le massage en duo avec diff\u00e9rents professionnels du massage.<\/p>\n<p style=\"text-align: left;\">Ce sont des partenaires de choix tous qualifi\u00e9s et avec qui je partagerai ce duo selon la disponibilit\u00e9 de chacun.<\/p>\n<p style=\"text-align: left;\">Faites le choix de venir vous faire masser en duo en amoureux,\u00a0 entre ami(e) s, entre copains, entre copines, entre m\u00e8re et fille \u2026<\/p>\n<p style=\"text-align: left;\">C\u2019est un r\u00e9el moment de complicit\u00e9 et de relaxation \u00e0 partager.<\/p>\n<p style=\"text-align: left;\">Cette prestation est le gage d\u2019une exp\u00e9rience in\u00e9dite.<\/p>\n<p style=\"text-align: left;\">Pour un moment d\u2019exception \u00e0 2, une v\u00e9ritable bulle de bien-\u00eatre en duo<\/p>\n","protected":false},"featured_media":3258,"template":"","meta":{"_uag_custom_page_level_css":"","_swt_meta_header_display":false,"_swt_meta_footer_display":false,"_swt_meta_site_title_display":false,"_swt_meta_sticky_header":false,"_swt_meta_transparent_header":false},"product_brand":[],"product_cat":[149,93,46],"product_tag":[36,90,78,40],"class_list":{"0":"post-3406","1":"product","2":"type-product","3":"status-publish","4":"has-post-thumbnail","6":"product_cat-cevennesbienetre","7":"product_cat-le-duo-complice","8":"product_cat-massages-specifiques","9":"product_tag-detente","10":"product_tag-experience-unique","11":"product_tag-massage-bien-etre","12":"product_tag-relaxation-profonde","14":"first","15":"instock","16":"shipping-taxable","17":"purchasable","18":"product-type-variable"},"yoast_head":"<!-- This site is optimized with the Yoast SEO plugin v27.5 - https:\/\/yoast.com\/product\/yoast-seo-wordpress\/ -->\n<title>Le duo complice - C\u00e9vennes Bien-\u00catre - Massages bien-\u00eatre et soins \u00e9nerg\u00e9tiques<\/title>\n<meta name=\"description\" content=\"Massage en duo pour partager un moment de d\u00e9tente profonde et de bien-\u00eatre \u00e0 deux, id\u00e9al pour couples, amis ou proches\" \/>\n<meta name=\"robots\" content=\"index, follow, max-snippet:-1, max-image-preview:large, max-video-preview:-1\" \/>\n<link rel=\"canonical\" href=\"https:\/\/cevennesbienetre.fr\/index.php\/produit\/le-duo-complice\/\" \/>\n<meta property=\"og:locale\" content=\"fr_FR\" \/>\n<meta property=\"og:type\" content=\"article\" \/>\n<meta property=\"og:title\" content=\"Le duo complice - C\u00e9vennes Bien-\u00catre - Massages bien-\u00eatre et soins \u00e9nerg\u00e9tiques\" \/>\n<meta property=\"og:description\" content=\"Massage en duo pour partager un moment de d\u00e9tente profonde et de bien-\u00eatre \u00e0 deux, id\u00e9al pour couples, amis ou proches\" \/>\n<meta property=\"og:url\" content=\"https:\/\/cevennesbienetre.fr\/index.php\/produit\/le-duo-complice\/\" \/>\n<meta property=\"og:site_name\" content=\"C\u00e9vennes Bien-\u00catre - Massages bien-\u00eatre et soins \u00e9nerg\u00e9tiques\" \/>\n<meta property=\"article:publisher\" content=\"https:\/\/www.facebook.com\/cevennesbienetre\" \/>\n<meta property=\"article:modified_time\" content=\"2026-03-16T20:35:44+00:00\" \/>\n<meta property=\"og:image\" content=\"https:\/\/cevennesbienetre.fr\/wp-content\/uploads\/2026\/01\/offre-duo-saint-valentin.webp\" \/>\n\t<meta property=\"og:image:width\" content=\"1000\" \/>\n\t<meta property=\"og:image:height\" content=\"1180\" \/>\n\t<meta property=\"og:image:type\" content=\"image\/webp\" \/>\n<meta name=\"twitter:card\" content=\"summary_large_image\" \/>\n<meta name=\"twitter:label1\" content=\"Dur\u00e9e de lecture estim\u00e9e\" \/>\n\t<meta name=\"twitter:data1\" content=\"1 minute\" \/>\n<script type=\"application\/ld+json\" class=\"yoast-schema-graph\">{\"@context\":\"https:\\\/\\\/schema.org\",\"@graph\":[{\"@type\":\"WebPage\",\"@id\":\"https:\\\/\\\/cevennesbienetre.fr\\\/index.php\\\/produit\\\/le-duo-complice\\\/\",\"url\":\"https:\\\/\\\/cevennesbienetre.fr\\\/index.php\\\/produit\\\/le-duo-complice\\\/\",\"name\":\"Le duo complice - C\u00e9vennes Bien-\u00catre - Massages bien-\u00eatre et soins \u00e9nerg\u00e9tiques\",\"isPartOf\":{\"@id\":\"https:\\\/\\\/cevennesbienetre.fr\\\/#website\"},\"primaryImageOfPage\":{\"@id\":\"https:\\\/\\\/cevennesbienetre.fr\\\/index.php\\\/produit\\\/le-duo-complice\\\/#primaryimage\"},\"image\":{\"@id\":\"https:\\\/\\\/cevennesbienetre.fr\\\/index.php\\\/produit\\\/le-duo-complice\\\/#primaryimage\"},\"thumbnailUrl\":\"https:\\\/\\\/cevennesbienetre.fr\\\/wp-content\\\/uploads\\\/2026\\\/01\\\/offre-duo-saint-valentin.webp\",\"datePublished\":\"2026-02-17T15:18:55+00:00\",\"dateModified\":\"2026-03-16T20:35:44+00:00\",\"description\":\"Massage en duo pour partager un moment de d\u00e9tente profonde et de bien-\u00eatre \u00e0 deux, id\u00e9al pour couples, amis ou proches\",\"breadcrumb\":{\"@id\":\"https:\\\/\\\/cevennesbienetre.fr\\\/index.php\\\/produit\\\/le-duo-complice\\\/#breadcrumb\"},\"inLanguage\":\"fr-FR\",\"potentialAction\":[{\"@type\":\"ReadAction\",\"target\":[\"https:\\\/\\\/cevennesbienetre.fr\\\/index.php\\\/produit\\\/le-duo-complice\\\/\"]}]},{\"@type\":\"ImageObject\",\"inLanguage\":\"fr-FR\",\"@id\":\"https:\\\/\\\/cevennesbienetre.fr\\\/index.php\\\/produit\\\/le-duo-complice\\\/#primaryimage\",\"url\":\"https:\\\/\\\/cevennesbienetre.fr\\\/wp-content\\\/uploads\\\/2026\\\/01\\\/offre-duo-saint-valentin.webp\",\"contentUrl\":\"https:\\\/\\\/cevennesbienetre.fr\\\/wp-content\\\/uploads\\\/2026\\\/01\\\/offre-duo-saint-valentin.webp\",\"width\":1000,\"height\":1180,\"caption\":\"Massage bien-\u00eatre en duo dans un cadre chaleureux et apaisant chez C\u00e9vennes Bien-\u00catre\"},{\"@type\":\"BreadcrumbList\",\"@id\":\"https:\\\/\\\/cevennesbienetre.fr\\\/index.php\\\/produit\\\/le-duo-complice\\\/#breadcrumb\",\"itemListElement\":[{\"@type\":\"ListItem\",\"position\":1,\"name\":\"Accueil\",\"item\":\"https:\\\/\\\/cevennesbienetre.fr\\\/\"},{\"@type\":\"ListItem\",\"position\":2,\"name\":\"Boutique\",\"item\":\"https:\\\/\\\/cevennesbienetre.fr\\\/index.php\\\/boutique\\\/\"},{\"@type\":\"ListItem\",\"position\":3,\"name\":\"Le duo complice\"}]},{\"@type\":\"WebSite\",\"@id\":\"https:\\\/\\\/cevennesbienetre.fr\\\/#website\",\"url\":\"https:\\\/\\\/cevennesbienetre.fr\\\/\",\"name\":\"C\u00e9vennes Bien-\u00catre - Massages bien-\u00eatre et soins \u00e9nerg\u00e9tiques\",\"description\":\"\",\"publisher\":{\"@id\":\"https:\\\/\\\/cevennesbienetre.fr\\\/#organization\"},\"potentialAction\":[{\"@type\":\"SearchAction\",\"target\":{\"@type\":\"EntryPoint\",\"urlTemplate\":\"https:\\\/\\\/cevennesbienetre.fr\\\/?s={search_term_string}\"},\"query-input\":{\"@type\":\"PropertyValueSpecification\",\"valueRequired\":true,\"valueName\":\"search_term_string\"}}],\"inLanguage\":\"fr-FR\"},{\"@type\":\"Organization\",\"@id\":\"https:\\\/\\\/cevennesbienetre.fr\\\/#organization\",\"name\":\"C\u00e9vennes Bien-\u00catre - Massages bien-\u00eatre et soins \u00e9nerg\u00e9tiques\",\"url\":\"https:\\\/\\\/cevennesbienetre.fr\\\/\",\"logo\":{\"@type\":\"ImageObject\",\"inLanguage\":\"fr-FR\",\"@id\":\"https:\\\/\\\/cevennesbienetre.fr\\\/#\\\/schema\\\/logo\\\/image\\\/\",\"url\":\"https:\\\/\\\/cevennesbienetre.fr\\\/wp-content\\\/uploads\\\/2026\\\/02\\\/Logo_Final_Main_a_05-257x300-1-150x150-1.png\",\"contentUrl\":\"https:\\\/\\\/cevennesbienetre.fr\\\/wp-content\\\/uploads\\\/2026\\\/02\\\/Logo_Final_Main_a_05-257x300-1-150x150-1.png\",\"width\":150,\"height\":150,\"caption\":\"C\u00e9vennes Bien-\u00catre - Massages bien-\u00eatre et soins \u00e9nerg\u00e9tiques\"},\"image\":{\"@id\":\"https:\\\/\\\/cevennesbienetre.fr\\\/#\\\/schema\\\/logo\\\/image\\\/\"},\"sameAs\":[\"https:\\\/\\\/www.facebook.com\\\/cevennesbienetre\"]}]}<\/script>\n<!-- \/ Yoast SEO plugin. -->","yoast_head_json":{"title":"Le duo complice - C\u00e9vennes Bien-\u00catre - Massages bien-\u00eatre et soins \u00e9nerg\u00e9tiques","description":"Massage en duo pour partager un moment de d\u00e9tente profonde et de bien-\u00eatre \u00e0 deux, id\u00e9al pour couples, amis ou proches","robots":{"index":"index","follow":"follow","max-snippet":"max-snippet:-1","max-image-preview":"max-image-preview:large","max-video-preview":"max-video-preview:-1"},"canonical":"https:\/\/cevennesbienetre.fr\/index.php\/produit\/le-duo-complice\/","og_locale":"fr_FR","og_type":"article","og_title":"Le duo complice - C\u00e9vennes Bien-\u00catre - Massages bien-\u00eatre et soins \u00e9nerg\u00e9tiques","og_description":"Massage en duo pour partager un moment de d\u00e9tente profonde et de bien-\u00eatre \u00e0 deux, id\u00e9al pour couples, amis ou proches","og_url":"https:\/\/cevennesbienetre.fr\/index.php\/produit\/le-duo-complice\/","og_site_name":"C\u00e9vennes Bien-\u00catre - Massages bien-\u00eatre et soins \u00e9nerg\u00e9tiques","article_publisher":"https:\/\/www.facebook.com\/cevennesbienetre","article_modified_time":"2026-03-16T20:35:44+00:00","og_image":[{"width":1000,"height":1180,"url":"https:\/\/cevennesbienetre.fr\/wp-content\/uploads\/2026\/01\/offre-duo-saint-valentin.webp","type":"image\/webp"}],"twitter_card":"summary_large_image","twitter_misc":{"Dur\u00e9e de lecture estim\u00e9e":"1 minute"},"schema":{"@context":"https:\/\/schema.org","@graph":[{"@type":"WebPage","@id":"https:\/\/cevennesbienetre.fr\/index.php\/produit\/le-duo-complice\/","url":"https:\/\/cevennesbienetre.fr\/index.php\/produit\/le-duo-complice\/","name":"Le duo complice - C\u00e9vennes Bien-\u00catre - Massages bien-\u00eatre et soins \u00e9nerg\u00e9tiques","isPartOf":{"@id":"https:\/\/cevennesbienetre.fr\/#website"},"primaryImageOfPage":{"@id":"https:\/\/cevennesbienetre.fr\/index.php\/produit\/le-duo-complice\/#primaryimage"},"image":{"@id":"https:\/\/cevennesbienetre.fr\/index.php\/produit\/le-duo-complice\/#primaryimage"},"thumbnailUrl":"https:\/\/cevennesbienetre.fr\/wp-content\/uploads\/2026\/01\/offre-duo-saint-valentin.webp","datePublished":"2026-02-17T15:18:55+00:00","dateModified":"2026-03-16T20:35:44+00:00","description":"Massage en duo pour partager un moment de d\u00e9tente profonde et de bien-\u00eatre \u00e0 deux, id\u00e9al pour couples, amis ou proches","breadcrumb":{"@id":"https:\/\/cevennesbienetre.fr\/index.php\/produit\/le-duo-complice\/#breadcrumb"},"inLanguage":"fr-FR","potentialAction":[{"@type":"ReadAction","target":["https:\/\/cevennesbienetre.fr\/index.php\/produit\/le-duo-complice\/"]}]},{"@type":"ImageObject","inLanguage":"fr-FR","@id":"https:\/\/cevennesbienetre.fr\/index.php\/produit\/le-duo-complice\/#primaryimage","url":"https:\/\/cevennesbienetre.fr\/wp-content\/uploads\/2026\/01\/offre-duo-saint-valentin.webp","contentUrl":"https:\/\/cevennesbienetre.fr\/wp-content\/uploads\/2026\/01\/offre-duo-saint-valentin.webp","width":1000,"height":1180,"caption":"Massage bien-\u00eatre en duo dans un cadre chaleureux et apaisant chez C\u00e9vennes Bien-\u00catre"},{"@type":"BreadcrumbList","@id":"https:\/\/cevennesbienetre.fr\/index.php\/produit\/le-duo-complice\/#breadcrumb","itemListElement":[{"@type":"ListItem","position":1,"name":"Accueil","item":"https:\/\/cevennesbienetre.fr\/"},{"@type":"ListItem","position":2,"name":"Boutique","item":"https:\/\/cevennesbienetre.fr\/index.php\/boutique\/"},{"@type":"ListItem","position":3,"name":"Le duo complice"}]},{"@type":"WebSite","@id":"https:\/\/cevennesbienetre.fr\/#website","url":"https:\/\/cevennesbienetre.fr\/","name":"C\u00e9vennes Bien-\u00catre - Massages bien-\u00eatre et soins \u00e9nerg\u00e9tiques","description":"","publisher":{"@id":"https:\/\/cevennesbienetre.fr\/#organization"},"potentialAction":[{"@type":"SearchAction","target":{"@type":"EntryPoint","urlTemplate":"https:\/\/cevennesbienetre.fr\/?s={search_term_string}"},"query-input":{"@type":"PropertyValueSpecification","valueRequired":true,"valueName":"search_term_string"}}],"inLanguage":"fr-FR"},{"@type":"Organization","@id":"https:\/\/cevennesbienetre.fr\/#organization","name":"C\u00e9vennes Bien-\u00catre - Massages bien-\u00eatre et soins \u00e9nerg\u00e9tiques","url":"https:\/\/cevennesbienetre.fr\/","logo":{"@type":"ImageObject","inLanguage":"fr-FR","@id":"https:\/\/cevennesbienetre.fr\/#\/schema\/logo\/image\/","url":"https:\/\/cevennesbienetre.fr\/wp-content\/uploads\/2026\/02\/Logo_Final_Main_a_05-257x300-1-150x150-1.png","contentUrl":"https:\/\/cevennesbienetre.fr\/wp-content\/uploads\/2026\/02\/Logo_Final_Main_a_05-257x300-1-150x150-1.png","width":150,"height":150,"caption":"C\u00e9vennes Bien-\u00catre - Massages bien-\u00eatre et soins \u00e9nerg\u00e9tiques"},"image":{"@id":"https:\/\/cevennesbienetre.fr\/#\/schema\/logo\/image\/"},"sameAs":["https:\/\/www.facebook.com\/cevennesbienetre"]}]}},"uagb_featured_image_src":{"full":["https:\/\/cevennesbienetre.fr\/wp-content\/uploads\/2026\/01\/offre-duo-saint-valentin.webp",1000,1180,false],"thumbnail":["https:\/\/cevennesbienetre.fr\/wp-content\/uploads\/2026\/01\/offre-duo-saint-valentin-150x150.webp",150,150,true],"medium":["https:\/\/cevennesbienetre.fr\/wp-content\/uploads\/2026\/01\/offre-duo-saint-valentin-254x300.webp",254,300,true],"medium_large":["https:\/\/cevennesbienetre.fr\/wp-content\/uploads\/2026\/01\/offre-duo-saint-valentin-768x906.webp",768,906,true],"large":["https:\/\/cevennesbienetre.fr\/wp-content\/uploads\/2026\/01\/offre-duo-saint-valentin-868x1024.webp",868,1024,true],"1536x1536":["https:\/\/cevennesbienetre.fr\/wp-content\/uploads\/2026\/01\/offre-duo-saint-valentin.webp",1000,1180,false],"2048x2048":["https:\/\/cevennesbienetre.fr\/wp-content\/uploads\/2026\/01\/offre-duo-saint-valentin.webp",1000,1180,false],"woocommerce_thumbnail":["https:\/\/cevennesbienetre.fr\/wp-content\/uploads\/2026\/01\/offre-duo-saint-valentin-300x300.webp",300,300,true],"woocommerce_single":["https:\/\/cevennesbienetre.fr\/wp-content\/uploads\/2026\/01\/offre-duo-saint-valentin-600x708.webp",600,708,true],"woocommerce_gallery_thumbnail":["https:\/\/cevennesbienetre.fr\/wp-content\/uploads\/2026\/01\/offre-duo-saint-valentin-100x100.webp",100,100,true]},"uagb_author_info":{"display_name":"admin6017","author_link":"https:\/\/cevennesbienetre.fr\/index.php\/author\/"},"uagb_comment_info":0,"uagb_excerpt":"La pi\u00e8ce dans laquelle je vous re\u00e7ois \u00e9tant spacieuse, j\u2019ai le privil\u00e8ge de pouvoir vous proposer le massage en duo avec diff\u00e9rents professionnels du massage. Ce sont des partenaires de choix tous qualifi\u00e9s et avec qui je partagerai ce duo selon la disponibilit\u00e9 de chacun. Faites le choix de venir vous faire masser en duo\u2026","_links":{"self":[{"href":"https:\/\/cevennesbienetre.fr\/index.php\/wp-json\/wp\/v2\/product\/3406","targetHints":{"allow":["GET"]}}],"collection":[{"href":"https:\/\/cevennesbienetre.fr\/index.php\/wp-json\/wp\/v2\/product"}],"about":[{"href":"https:\/\/cevennesbienetre.fr\/index.php\/wp-json\/wp\/v2\/types\/product"}],"wp:featuredmedia":[{"embeddable":true,"href":"https:\/\/cevennesbienetre.fr\/index.php\/wp-json\/wp\/v2\/media\/3258"}],"wp:attachment":[{"href":"https:\/\/cevennesbienetre.fr\/index.php\/wp-json\/wp\/v2\/media?parent=3406"}],"wp:term":[{"taxonomy":"product_brand","embeddable":true,"href":"https:\/\/cevennesbienetre.fr\/index.php\/wp-json\/wp\/v2\/product_brand?post=3406"},{"taxonomy":"product_cat","embeddable":true,"href":"https:\/\/cevennesbienetre.fr\/index.php\/wp-json\/wp\/v2\/product_cat?post=3406"},{"taxonomy":"product_tag","embeddable":true,"href":"https:\/\/cevennesbienetre.fr\/index.php\/wp-json\/wp\/v2\/product_tag?post=3406"}],"curies":[{"name":"wp","href":"https:\/\/api.w.org\/{rel}","templated":true}]}}