{"id":364,"date":"2018-05-04T15:46:15","date_gmt":"2018-05-04T13:46:15","guid":{"rendered":"http:\/\/cevennesbienetre.fr\/?page_id=364"},"modified":"2026-01-01T21:56:26","modified_gmt":"2026-01-01T20:56:26","slug":"massage-amma-assis","status":"publish","type":"page","link":"https:\/\/cevennesbienetre.fr\/index.php\/massage-amma-assis\/","title":{"rendered":"Massage amma assis"},"content":{"rendered":"<p><img decoding=\"async\" width=\"768\" height=\"1064\" src=\"https:\/\/cevennesbienetre.fr\/wp-content\/uploads\/2018\/05\/IMG-2bulle006-768x1064.png\" alt=\"\" loading=\"lazy\" srcset=\"https:\/\/cevennesbienetre.fr\/wp-content\/uploads\/2018\/05\/IMG-2bulle006-768x1064.png 768w, https:\/\/cevennesbienetre.fr\/wp-content\/uploads\/2018\/05\/IMG-2bulle006-217x300.png 217w, https:\/\/cevennesbienetre.fr\/wp-content\/uploads\/2018\/05\/IMG-2bulle006-739x1024.png 739w, https:\/\/cevennesbienetre.fr\/wp-content\/uploads\/2018\/05\/IMG-2bulle006-780x1080.png 780w, https:\/\/cevennesbienetre.fr\/wp-content\/uploads\/2018\/05\/IMG-2bulle006.png 960w\" sizes=\"auto, (max-width: 768px) 100vw, 768px\" \/>\t\t\t\t\t\t\t\t\t\t\t\t\t\t\t<\/p>\n<h3><strong>Le amma assis<\/strong> sur chaise ergonomique, se d\u00e9cline<strong>\u00a0<\/strong><strong>habill\u00e9 ou \u00e0 l&rsquo;huile.<\/strong><\/h3>\n<h3>A<strong style=\"font-size: 16px; line-height: 1.5;\"> la fois \u00e9nerg\u00e9tique, dynamisant et r\u00e9\u00e9quilibrant.<\/strong><\/h3>\n<p>Prenant sa source en Chine , via la Cor\u00e9e, le Amma est une technique bas\u00e9e sur les principes de la M\u00e9decine Traditionnelle Japonaise d&rsquo;acupression.<\/p>\n<p>Il fut ensuite d\u00e9velopp\u00e9 en Occident (USA) dans les ann\u00e9es 80 par David Palmer qui d\u00e9marcha les entreprises de la Silicon valley.Le succ\u00e9s fut rapide car ce massage correspondait parfaitement aux attentes des employ\u00e9s, un massage rapide et efficace avec au r\u00e9sultat des gains d&rsquo;attention, de productivit\u00e9 et de bonne humeur.<\/p>\n<h3><strong>Dans mon espace bien-\u00eatre:<\/strong><strong>\u00a0<\/strong><\/h3>\n<p><strong>Je vous le propose habill\u00e9 ou \u00e0 l&rsquo;huile.<\/strong><\/p>\n<p>Si vous n&rsquo;\u00eates pas habitu\u00e9 des massages ou que vous ne souhaitez pas vous lancer de suite sur la table, ce massage bien-\u00eatre est un tr\u00e8s bon compromis.<\/p>\n<p>Il est \u00e9galement tr\u00e8s appr\u00e9ci\u00e9 des femmes enceintes qui ont parfois des douleurs dorsales d\u00fbes\u00a0 au poids du b\u00e9b\u00e9.<\/p>\n<p>Il permet un l\u00e2cher prise rapide et un soulagement au niveau des trap\u00e8zes, cervicales, lombaires et autres muscles dorsaux.\u00a0<\/p>\n<p><strong>30mn : 40\u20ac<\/strong><\/p>\n<h3><strong>Le Amma assis en entreprise :<\/strong><\/h3>\n<p>Je me d\u00e9place en entreprise afin de contribuer au\u00a0 mieux-\u00eatre des salari\u00e9s et de lutter contre le stress.<\/p>\n<p>Me contacter directement pour un devis.<\/p>\n<p>IL d\u00e9pendra effectivement du nombre de personnes et du temps pass\u00e9 sur place.<\/p>\n<p>Le massage assis se d\u00e9cline tr\u00e8s souvent entre 15 et 20mn par personne pendant les temps de pause.<\/p>\n<p>Je travaille \u00e9galement avec les CE qui souhaite soit participer soit en parti pour les employ\u00e9s , soit dans la totalit\u00e9 ( cadeau de fin d&rsquo;ann\u00e9e par exemple ou pr\u00e9sence ponctuelle).\u00a0 \u00a0\u00a0<\/p>\n<p><strong>J&rsquo;interviens \u00e9galement dans les salles de sport, les clubs sportifs, maisons de retraite, soir\u00e9e ou journ\u00e9e et 1\/2 journ\u00e9e\u00a0 entre amis&#8230;<\/strong><\/p>\n<p>\t\t\t\t\t\t\t\t\t\t\t\t\t\t\t<img decoding=\"async\" width=\"230\" height=\"300\" src=\"https:\/\/cevennesbienetre.fr\/wp-content\/uploads\/2018\/05\/20180415_192756-2-230x300.jpg\" alt=\"\" loading=\"lazy\" srcset=\"https:\/\/cevennesbienetre.fr\/wp-content\/uploads\/2018\/05\/20180415_192756-2-230x300.jpg 230w, https:\/\/cevennesbienetre.fr\/wp-content\/uploads\/2018\/05\/20180415_192756-2-768x1002.jpg 768w, https:\/\/cevennesbienetre.fr\/wp-content\/uploads\/2018\/05\/20180415_192756-2-785x1024.jpg 785w, https:\/\/cevennesbienetre.fr\/wp-content\/uploads\/2018\/05\/20180415_192756-2-1024x1336.jpg 1024w, https:\/\/cevennesbienetre.fr\/wp-content\/uploads\/2018\/05\/20180415_192756-2-828x1080.jpg 828w\" sizes=\"auto, (max-width: 230px) 100vw, 230px\" \/><\/p>\n","protected":false},"excerpt":{"rendered":"<p>Le amma assis sur chaise ergonomique, se d\u00e9cline\u00a0habill\u00e9 ou \u00e0 l&rsquo;huile. A la fois \u00e9nerg\u00e9tique, dynamisant et r\u00e9\u00e9quilibrant. Prenant sa source en Chine , via la Cor\u00e9e, le Amma est une technique bas\u00e9e sur les principes de la M\u00e9decine Traditionnelle Japonaise d&rsquo;acupression. Il fut ensuite d\u00e9velopp\u00e9 en Occident (USA) dans les ann\u00e9es 80 par David [&hellip;]<\/p>\n","protected":false},"author":1,"featured_media":0,"parent":0,"menu_order":0,"comment_status":"closed","ping_status":"closed","template":"","meta":{"_uag_custom_page_level_css":"","_swt_meta_header_display":false,"_swt_meta_footer_display":false,"_swt_meta_site_title_display":false,"_swt_meta_sticky_header":false,"_swt_meta_transparent_header":false,"footnotes":""},"class_list":["post-364","page","type-page","status-publish","hentry"],"yoast_head":"<!-- This site is optimized with the Yoast SEO plugin v27.6 - https:\/\/yoast.com\/product\/yoast-seo-wordpress\/ -->\n<title>Massage amma assis - C\u00e9vennes Bien-\u00catre - Massages bien-\u00eatre et soins \u00e9nerg\u00e9tiques<\/title>\n<meta name=\"robots\" content=\"index, follow, max-snippet:-1, max-image-preview:large, max-video-preview:-1\" \/>\n<link rel=\"canonical\" href=\"https:\/\/cevennesbienetre.fr\/index.php\/massage-amma-assis\/\" \/>\n<meta property=\"og:locale\" content=\"fr_FR\" \/>\n<meta property=\"og:type\" content=\"article\" \/>\n<meta property=\"og:title\" content=\"Massage amma assis - C\u00e9vennes Bien-\u00catre - Massages bien-\u00eatre et soins \u00e9nerg\u00e9tiques\" \/>\n<meta property=\"og:description\" content=\"Le amma assis sur chaise ergonomique, se d\u00e9cline\u00a0habill\u00e9 ou \u00e0 l&rsquo;huile. A la fois \u00e9nerg\u00e9tique, dynamisant et r\u00e9\u00e9quilibrant. Prenant sa source en Chine , via la Cor\u00e9e, le Amma est une technique bas\u00e9e sur les principes de la M\u00e9decine Traditionnelle Japonaise d&rsquo;acupression. Il fut ensuite d\u00e9velopp\u00e9 en Occident (USA) dans les ann\u00e9es 80 par David [&hellip;]\" \/>\n<meta property=\"og:url\" content=\"https:\/\/cevennesbienetre.fr\/index.php\/massage-amma-assis\/\" \/>\n<meta property=\"og:site_name\" content=\"C\u00e9vennes Bien-\u00catre - Massages bien-\u00eatre et soins \u00e9nerg\u00e9tiques\" \/>\n<meta property=\"article:publisher\" content=\"https:\/\/www.facebook.com\/cevennesbienetre\" \/>\n<meta property=\"article:modified_time\" content=\"2026-01-01T20:56:26+00:00\" \/>\n<meta property=\"og:image\" content=\"https:\/\/cevennesbienetre.fr\/wp-content\/uploads\/2018\/05\/IMG-2bulle006.png\" \/>\n\t<meta property=\"og:image:width\" content=\"960\" \/>\n\t<meta property=\"og:image:height\" content=\"1330\" \/>\n\t<meta property=\"og:image:type\" content=\"image\/png\" \/>\n<meta name=\"twitter:card\" content=\"summary_large_image\" \/>\n<meta name=\"twitter:label1\" content=\"Dur\u00e9e de lecture estim\u00e9e\" \/>\n\t<meta name=\"twitter:data1\" content=\"2 minutes\" \/>\n<script type=\"application\/ld+json\" class=\"yoast-schema-graph\">{\"@context\":\"https:\\\/\\\/schema.org\",\"@graph\":[{\"@type\":\"WebPage\",\"@id\":\"https:\\\/\\\/cevennesbienetre.fr\\\/index.php\\\/massage-amma-assis\\\/\",\"url\":\"https:\\\/\\\/cevennesbienetre.fr\\\/index.php\\\/massage-amma-assis\\\/\",\"name\":\"Massage amma assis - C\u00e9vennes Bien-\u00catre - Massages bien-\u00eatre et soins \u00e9nerg\u00e9tiques\",\"isPartOf\":{\"@id\":\"https:\\\/\\\/cevennesbienetre.fr\\\/#website\"},\"primaryImageOfPage\":{\"@id\":\"https:\\\/\\\/cevennesbienetre.fr\\\/index.php\\\/massage-amma-assis\\\/#primaryimage\"},\"image\":{\"@id\":\"https:\\\/\\\/cevennesbienetre.fr\\\/index.php\\\/massage-amma-assis\\\/#primaryimage\"},\"thumbnailUrl\":\"https:\\\/\\\/cevennesbienetre.fr\\\/wp-content\\\/uploads\\\/2018\\\/05\\\/IMG-2bulle006-768x1064.png\",\"datePublished\":\"2018-05-04T13:46:15+00:00\",\"dateModified\":\"2026-01-01T20:56:26+00:00\",\"breadcrumb\":{\"@id\":\"https:\\\/\\\/cevennesbienetre.fr\\\/index.php\\\/massage-amma-assis\\\/#breadcrumb\"},\"inLanguage\":\"fr-FR\",\"potentialAction\":[{\"@type\":\"ReadAction\",\"target\":[\"https:\\\/\\\/cevennesbienetre.fr\\\/index.php\\\/massage-amma-assis\\\/\"]}]},{\"@type\":\"ImageObject\",\"inLanguage\":\"fr-FR\",\"@id\":\"https:\\\/\\\/cevennesbienetre.fr\\\/index.php\\\/massage-amma-assis\\\/#primaryimage\",\"url\":\"https:\\\/\\\/cevennesbienetre.fr\\\/wp-content\\\/uploads\\\/2018\\\/05\\\/IMG-2bulle006.png\",\"contentUrl\":\"https:\\\/\\\/cevennesbienetre.fr\\\/wp-content\\\/uploads\\\/2018\\\/05\\\/IMG-2bulle006.png\",\"width\":960,\"height\":1330},{\"@type\":\"BreadcrumbList\",\"@id\":\"https:\\\/\\\/cevennesbienetre.fr\\\/index.php\\\/massage-amma-assis\\\/#breadcrumb\",\"itemListElement\":[{\"@type\":\"ListItem\",\"position\":1,\"name\":\"Accueil\",\"item\":\"https:\\\/\\\/cevennesbienetre.fr\\\/\"},{\"@type\":\"ListItem\",\"position\":2,\"name\":\"Massage amma assis\"}]},{\"@type\":\"WebSite\",\"@id\":\"https:\\\/\\\/cevennesbienetre.fr\\\/#website\",\"url\":\"https:\\\/\\\/cevennesbienetre.fr\\\/\",\"name\":\"C\u00e9vennes Bien-\u00catre - Massages bien-\u00eatre et soins \u00e9nerg\u00e9tiques\",\"description\":\"\",\"publisher\":{\"@id\":\"https:\\\/\\\/cevennesbienetre.fr\\\/#organization\"},\"potentialAction\":[{\"@type\":\"SearchAction\",\"target\":{\"@type\":\"EntryPoint\",\"urlTemplate\":\"https:\\\/\\\/cevennesbienetre.fr\\\/?s={search_term_string}\"},\"query-input\":{\"@type\":\"PropertyValueSpecification\",\"valueRequired\":true,\"valueName\":\"search_term_string\"}}],\"inLanguage\":\"fr-FR\"},{\"@type\":\"Organization\",\"@id\":\"https:\\\/\\\/cevennesbienetre.fr\\\/#organization\",\"name\":\"C\u00e9vennes Bien-\u00catre - Massages bien-\u00eatre et soins \u00e9nerg\u00e9tiques\",\"url\":\"https:\\\/\\\/cevennesbienetre.fr\\\/\",\"logo\":{\"@type\":\"ImageObject\",\"inLanguage\":\"fr-FR\",\"@id\":\"https:\\\/\\\/cevennesbienetre.fr\\\/#\\\/schema\\\/logo\\\/image\\\/\",\"url\":\"https:\\\/\\\/cevennesbienetre.fr\\\/wp-content\\\/uploads\\\/2026\\\/02\\\/Logo_Final_Main_a_05-257x300-1-150x150-1.png\",\"contentUrl\":\"https:\\\/\\\/cevennesbienetre.fr\\\/wp-content\\\/uploads\\\/2026\\\/02\\\/Logo_Final_Main_a_05-257x300-1-150x150-1.png\",\"width\":150,\"height\":150,\"caption\":\"C\u00e9vennes Bien-\u00catre - Massages bien-\u00eatre et soins \u00e9nerg\u00e9tiques\"},\"image\":{\"@id\":\"https:\\\/\\\/cevennesbienetre.fr\\\/#\\\/schema\\\/logo\\\/image\\\/\"},\"sameAs\":[\"https:\\\/\\\/www.facebook.com\\\/cevennesbienetre\"]}]}<\/script>\n<!-- \/ Yoast SEO plugin. -->","yoast_head_json":{"title":"Massage amma assis - C\u00e9vennes Bien-\u00catre - Massages bien-\u00eatre et soins \u00e9nerg\u00e9tiques","robots":{"index":"index","follow":"follow","max-snippet":"max-snippet:-1","max-image-preview":"max-image-preview:large","max-video-preview":"max-video-preview:-1"},"canonical":"https:\/\/cevennesbienetre.fr\/index.php\/massage-amma-assis\/","og_locale":"fr_FR","og_type":"article","og_title":"Massage amma assis - C\u00e9vennes Bien-\u00catre - Massages bien-\u00eatre et soins \u00e9nerg\u00e9tiques","og_description":"Le amma assis sur chaise ergonomique, se d\u00e9cline\u00a0habill\u00e9 ou \u00e0 l&rsquo;huile. A la fois \u00e9nerg\u00e9tique, dynamisant et r\u00e9\u00e9quilibrant. Prenant sa source en Chine , via la Cor\u00e9e, le Amma est une technique bas\u00e9e sur les principes de la M\u00e9decine Traditionnelle Japonaise d&rsquo;acupression. Il fut ensuite d\u00e9velopp\u00e9 en Occident (USA) dans les ann\u00e9es 80 par David [&hellip;]","og_url":"https:\/\/cevennesbienetre.fr\/index.php\/massage-amma-assis\/","og_site_name":"C\u00e9vennes Bien-\u00catre - Massages bien-\u00eatre et soins \u00e9nerg\u00e9tiques","article_publisher":"https:\/\/www.facebook.com\/cevennesbienetre","article_modified_time":"2026-01-01T20:56:26+00:00","og_image":[{"width":960,"height":1330,"url":"https:\/\/cevennesbienetre.fr\/wp-content\/uploads\/2018\/05\/IMG-2bulle006.png","type":"image\/png"}],"twitter_card":"summary_large_image","twitter_misc":{"Dur\u00e9e de lecture estim\u00e9e":"2 minutes"},"schema":{"@context":"https:\/\/schema.org","@graph":[{"@type":"WebPage","@id":"https:\/\/cevennesbienetre.fr\/index.php\/massage-amma-assis\/","url":"https:\/\/cevennesbienetre.fr\/index.php\/massage-amma-assis\/","name":"Massage amma assis - C\u00e9vennes Bien-\u00catre - Massages bien-\u00eatre et soins \u00e9nerg\u00e9tiques","isPartOf":{"@id":"https:\/\/cevennesbienetre.fr\/#website"},"primaryImageOfPage":{"@id":"https:\/\/cevennesbienetre.fr\/index.php\/massage-amma-assis\/#primaryimage"},"image":{"@id":"https:\/\/cevennesbienetre.fr\/index.php\/massage-amma-assis\/#primaryimage"},"thumbnailUrl":"https:\/\/cevennesbienetre.fr\/wp-content\/uploads\/2018\/05\/IMG-2bulle006-768x1064.png","datePublished":"2018-05-04T13:46:15+00:00","dateModified":"2026-01-01T20:56:26+00:00","breadcrumb":{"@id":"https:\/\/cevennesbienetre.fr\/index.php\/massage-amma-assis\/#breadcrumb"},"inLanguage":"fr-FR","potentialAction":[{"@type":"ReadAction","target":["https:\/\/cevennesbienetre.fr\/index.php\/massage-amma-assis\/"]}]},{"@type":"ImageObject","inLanguage":"fr-FR","@id":"https:\/\/cevennesbienetre.fr\/index.php\/massage-amma-assis\/#primaryimage","url":"https:\/\/cevennesbienetre.fr\/wp-content\/uploads\/2018\/05\/IMG-2bulle006.png","contentUrl":"https:\/\/cevennesbienetre.fr\/wp-content\/uploads\/2018\/05\/IMG-2bulle006.png","width":960,"height":1330},{"@type":"BreadcrumbList","@id":"https:\/\/cevennesbienetre.fr\/index.php\/massage-amma-assis\/#breadcrumb","itemListElement":[{"@type":"ListItem","position":1,"name":"Accueil","item":"https:\/\/cevennesbienetre.fr\/"},{"@type":"ListItem","position":2,"name":"Massage amma assis"}]},{"@type":"WebSite","@id":"https:\/\/cevennesbienetre.fr\/#website","url":"https:\/\/cevennesbienetre.fr\/","name":"C\u00e9vennes Bien-\u00catre - Massages bien-\u00eatre et soins \u00e9nerg\u00e9tiques","description":"","publisher":{"@id":"https:\/\/cevennesbienetre.fr\/#organization"},"potentialAction":[{"@type":"SearchAction","target":{"@type":"EntryPoint","urlTemplate":"https:\/\/cevennesbienetre.fr\/?s={search_term_string}"},"query-input":{"@type":"PropertyValueSpecification","valueRequired":true,"valueName":"search_term_string"}}],"inLanguage":"fr-FR"},{"@type":"Organization","@id":"https:\/\/cevennesbienetre.fr\/#organization","name":"C\u00e9vennes Bien-\u00catre - Massages bien-\u00eatre et soins \u00e9nerg\u00e9tiques","url":"https:\/\/cevennesbienetre.fr\/","logo":{"@type":"ImageObject","inLanguage":"fr-FR","@id":"https:\/\/cevennesbienetre.fr\/#\/schema\/logo\/image\/","url":"https:\/\/cevennesbienetre.fr\/wp-content\/uploads\/2026\/02\/Logo_Final_Main_a_05-257x300-1-150x150-1.png","contentUrl":"https:\/\/cevennesbienetre.fr\/wp-content\/uploads\/2026\/02\/Logo_Final_Main_a_05-257x300-1-150x150-1.png","width":150,"height":150,"caption":"C\u00e9vennes Bien-\u00catre - Massages bien-\u00eatre et soins \u00e9nerg\u00e9tiques"},"image":{"@id":"https:\/\/cevennesbienetre.fr\/#\/schema\/logo\/image\/"},"sameAs":["https:\/\/www.facebook.com\/cevennesbienetre"]}]}},"uagb_featured_image_src":{"full":false,"thumbnail":false,"medium":false,"medium_large":false,"large":false,"1536x1536":false,"2048x2048":false,"woocommerce_thumbnail":false,"woocommerce_single":false,"woocommerce_gallery_thumbnail":false},"uagb_author_info":{"display_name":"admin6017","author_link":"https:\/\/cevennesbienetre.fr\/index.php\/author\/admin6017\/"},"uagb_comment_info":0,"uagb_excerpt":"Le amma assis sur chaise ergonomique, se d\u00e9cline\u00a0habill\u00e9 ou \u00e0 l&rsquo;huile. A la fois \u00e9nerg\u00e9tique, dynamisant et r\u00e9\u00e9quilibrant. Prenant sa source en Chine , via la Cor\u00e9e, le Amma est une technique bas\u00e9e sur les principes de la M\u00e9decine Traditionnelle Japonaise d&rsquo;acupression. Il fut ensuite d\u00e9velopp\u00e9 en Occident (USA) dans les ann\u00e9es 80 par David\u2026","_links":{"self":[{"href":"https:\/\/cevennesbienetre.fr\/index.php\/wp-json\/wp\/v2\/pages\/364","targetHints":{"allow":["GET"]}}],"collection":[{"href":"https:\/\/cevennesbienetre.fr\/index.php\/wp-json\/wp\/v2\/pages"}],"about":[{"href":"https:\/\/cevennesbienetre.fr\/index.php\/wp-json\/wp\/v2\/types\/page"}],"author":[{"embeddable":true,"href":"https:\/\/cevennesbienetre.fr\/index.php\/wp-json\/wp\/v2\/users\/1"}],"replies":[{"embeddable":true,"href":"https:\/\/cevennesbienetre.fr\/index.php\/wp-json\/wp\/v2\/comments?post=364"}],"version-history":[{"count":21,"href":"https:\/\/cevennesbienetre.fr\/index.php\/wp-json\/wp\/v2\/pages\/364\/revisions"}],"predecessor-version":[{"id":3221,"href":"https:\/\/cevennesbienetre.fr\/index.php\/wp-json\/wp\/v2\/pages\/364\/revisions\/3221"}],"wp:attachment":[{"href":"https:\/\/cevennesbienetre.fr\/index.php\/wp-json\/wp\/v2\/media?parent=364"}],"curies":[{"name":"wp","href":"https:\/\/api.w.org\/{rel}","templated":true}]}}